Last updated on 2024-05-11 15:49:12 CEST.
Flavor | Version | Tinstall | Tcheck | Ttotal | Status | Flags |
---|---|---|---|---|---|---|
r-devel-linux-x86_64-debian-clang | 1.0.0 | 1.66 | 25.03 | 26.69 | NOTE | |
r-devel-linux-x86_64-debian-gcc | 1.0.0 | 1.55 | 19.55 | 21.10 | NOTE | |
r-devel-linux-x86_64-fedora-clang | 1.0.0 | 35.39 | NOTE | |||
r-devel-linux-x86_64-fedora-gcc | 1.0.0 | 49.93 | NOTE | |||
r-devel-windows-x86_64 | 1.0.0 | 3.00 | 41.00 | 44.00 | NOTE | |
r-patched-linux-x86_64 | 1.0.0 | 1.74 | 24.19 | 25.93 | NOTE | |
r-release-linux-x86_64 | 1.0.0 | 2.08 | 24.28 | 26.36 | NOTE | |
r-release-macos-arm64 | 1.0.0 | 22.00 | NOTE | |||
r-release-windows-x86_64 | 1.0.0 | 2.00 | 42.00 | 44.00 | NOTE | |
r-oldrel-macos-arm64 | 1.0.0 | 20.00 | OK | |||
r-oldrel-macos-x86_64 | 1.0.0 | 32.00 | OK | |||
r-oldrel-windows-x86_64 | 1.0.0 | 3.00 | 40.00 | 43.00 | OK |
Version: 1.0.0
Check: Rd files
Result: NOTE
checkRd: (-1) n.Rd:46: Lost braces in \itemize; \value handles \item{}{} directly
checkRd: (-1) n.Rd:47-48: Lost braces in \itemize; \value handles \item{}{} directly
checkRd: (-1) n.Rd:49-50: Lost braces in \itemize; \value handles \item{}{} directly
Flavors: r-devel-linux-x86_64-debian-clang, r-devel-linux-x86_64-debian-gcc, r-devel-linux-x86_64-fedora-clang, r-devel-linux-x86_64-fedora-gcc, r-devel-windows-x86_64, r-patched-linux-x86_64, r-release-linux-x86_64, r-release-macos-arm64, r-release-windows-x86_64