Last updated on 2024-05-09 21:53:05 CEST.
Flavor | Version | Tinstall | Tcheck | Ttotal | Status | Flags |
---|---|---|---|---|---|---|
r-devel-linux-x86_64-debian-clang | 4.0.2 | 54.09 | 165.94 | 220.03 | OK | |
r-devel-linux-x86_64-debian-gcc | 4.0.2 | 39.04 | 121.69 | 160.73 | OK | |
r-devel-linux-x86_64-fedora-clang | 4.0.2 | 274.02 | OK | |||
r-devel-linux-x86_64-fedora-gcc | 4.0.2 | 321.10 | OK | |||
r-devel-windows-x86_64 | 4.0.2 | 44.00 | 154.00 | 198.00 | OK | |
r-patched-linux-x86_64 | 4.0.2 | 52.28 | 158.55 | 210.83 | OK | |
r-release-linux-x86_64 | 4.0.2 | 56.69 | 151.57 | 208.26 | OK | |
r-release-macos-arm64 | 4.0.2 | 76.00 | NOTE | |||
r-release-windows-x86_64 | 4.0.2 | 46.00 | 156.00 | 202.00 | OK | |
r-oldrel-macos-arm64 | 4.0.2 | 87.00 | OK | |||
r-oldrel-macos-x86_64 | 4.0.2 | 137.00 | OK | |||
r-oldrel-windows-x86_64 | 4.0.2 | 56.00 | 200.00 | 256.00 | OK |
Version: 4.0.2
Check: installed package size
Result: NOTE
installed size is 5.2Mb
sub-directories of 1Mb or more:
extdata 1.7Mb
libs 2.3Mb
Flavor: r-release-macos-arm64