Last updated on 2025-10-10 01:49:13 CEST.
Flavor | Version | Tinstall | Tcheck | Ttotal | Status | Flags |
---|---|---|---|---|---|---|
r-devel-linux-x86_64-debian-clang | 0.2.3 | 7.65 | 147.35 | 155.00 | NOTE | |
r-devel-linux-x86_64-debian-gcc | 0.2.3 | 7.27 | 101.15 | 108.42 | NOTE | |
r-devel-linux-x86_64-fedora-clang | 0.2.3 | 245.80 | OK | |||
r-devel-linux-x86_64-fedora-gcc | 0.2.3 | 248.51 | OK | |||
r-devel-windows-x86_64 | 0.2.3 | 10.00 | 157.00 | 167.00 | OK | |
r-patched-linux-x86_64 | 0.2.3 | 11.00 | 140.06 | 151.06 | OK | |
r-release-linux-x86_64 | 0.2.3 | 10.01 | 140.98 | 150.99 | OK | |
r-release-macos-arm64 | 0.2.3 | 85.00 | OK | |||
r-release-macos-x86_64 | 0.2.3 | 150.00 | OK | |||
r-release-windows-x86_64 | 0.2.3 | 11.00 | 159.00 | 170.00 | OK | |
r-oldrel-macos-arm64 | 0.2.3 | 71.00 | OK | |||
r-oldrel-macos-x86_64 | 0.2.3 | 114.00 | OK | |||
r-oldrel-windows-x86_64 | 0.2.3 | 15.00 | 201.00 | 216.00 | OK |
Version: 0.2.3
Check: CRAN incoming feasibility
Result: NOTE
Maintainer: ‘William George Underwood <wgu2@princeton.edu>’
The Description field contains
and Cucuringu (2020) <arXiv:2004.01293>.
Please refer to arXiv e-prints via their arXiv DOI <doi:10.48550/arXiv.YYMM.NNNNN>.
Flavors: r-devel-linux-x86_64-debian-clang, r-devel-linux-x86_64-debian-gcc