Last updated on 2024-05-13 06:52:13 CEST.
Flavor | Version | Tinstall | Tcheck | Ttotal | Status | Flags |
---|---|---|---|---|---|---|
r-devel-linux-x86_64-debian-clang | 0.2.2 | 8.60 | 39.40 | 48.00 | OK | |
r-devel-linux-x86_64-debian-gcc | 0.2.2 | 4.45 | 30.33 | 34.78 | OK | |
r-devel-linux-x86_64-fedora-clang | 0.2.2 | 54.02 | NOTE | |||
r-devel-linux-x86_64-fedora-gcc | 0.2.2 | 106.57 | OK | |||
r-devel-windows-x86_64 | 0.2.2 | 8.00 | 52.00 | 60.00 | NOTE | |
r-patched-linux-x86_64 | 0.2.2 | 5.98 | 37.78 | 43.76 | OK | |
r-release-linux-x86_64 | 0.2.2 | 7.45 | 37.07 | 44.52 | OK | |
r-release-macos-arm64 | 0.2.2 | 20.00 | NOTE | |||
r-release-windows-x86_64 | 0.2.2 | 9.00 | 52.00 | 61.00 | NOTE | |
r-oldrel-macos-arm64 | 0.2.2 | 25.00 | NOTE | |||
r-oldrel-macos-x86_64 | 0.2.2 | 29.00 | NOTE | |||
r-oldrel-windows-x86_64 | 0.2.2 | 9.00 | 55.00 | 64.00 | NOTE |
Version: 0.2.2
Check: installed package size
Result: NOTE
installed size is 14.9Mb
sub-directories of 1Mb or more:
htmlwidgets 14.7Mb
Flavors: r-devel-linux-x86_64-fedora-clang, r-devel-windows-x86_64, r-release-macos-arm64, r-release-windows-x86_64, r-oldrel-macos-arm64, r-oldrel-macos-x86_64, r-oldrel-windows-x86_64