Last updated on 2025-07-25 22:50:49 CEST.
Flavor | Version | Tinstall | Tcheck | Ttotal | Status | Flags |
---|---|---|---|---|---|---|
r-devel-linux-x86_64-debian-clang | 1.2.0 | 12.69 | 136.99 | 149.68 | NOTE | |
r-devel-linux-x86_64-debian-gcc | 1.2.0 | 9.76 | 98.79 | 108.55 | NOTE | |
r-devel-linux-x86_64-fedora-clang | 1.2.0 | 231.75 | OK | |||
r-devel-linux-x86_64-fedora-gcc | 1.2.0 | 291.20 | OK | |||
r-devel-windows-x86_64 | 1.2.0 | 15.00 | 146.00 | 161.00 | NOTE | |
r-patched-linux-x86_64 | 1.2.0 | 11.71 | 129.71 | 141.42 | NOTE | |
r-release-linux-x86_64 | 1.2.0 | 13.05 | 128.74 | 141.79 | NOTE | |
r-release-macos-arm64 | 1.2.0 | 97.00 | OK | |||
r-release-macos-x86_64 | 1.2.0 | 167.00 | OK | |||
r-release-windows-x86_64 | 1.2.0 | 15.00 | 137.00 | 152.00 | NOTE | |
r-oldrel-macos-arm64 | 1.2.0 | 98.00 | OK | |||
r-oldrel-macos-x86_64 | 1.2.0 | 132.00 | OK | |||
r-oldrel-windows-x86_64 | 1.2.0 | 19.00 | 179.00 | 198.00 | OK |
Version: 1.2.0
Check: Rd cross-references
Result: NOTE
Found the following Rd file(s) with Rd \link{} targets missing package
anchors:
model_grid.Rd: train
Please provide package anchors for all Rd \link{} targets not in the
package itself and the base packages.
Flavors: r-devel-linux-x86_64-debian-clang, r-devel-linux-x86_64-debian-gcc, r-devel-windows-x86_64, r-patched-linux-x86_64, r-release-linux-x86_64, r-release-windows-x86_64