Last updated on 2024-05-13 07:50:08 CEST.
Flavor | Version | Tinstall | Tcheck | Ttotal | Status | Flags |
---|---|---|---|---|---|---|
r-devel-linux-x86_64-debian-clang | 1.0.4 | 84.28 | 103.78 | 188.06 | NOTE | |
r-devel-linux-x86_64-debian-gcc | 1.0.4 | 70.84 | 78.55 | 149.39 | NOTE | |
r-devel-linux-x86_64-fedora-clang | 1.0.4 | 265.00 | NOTE | |||
r-devel-linux-x86_64-fedora-gcc | 1.0.4 | 338.54 | NOTE | |||
r-devel-windows-x86_64 | 1.0.4 | 71.00 | 115.00 | 186.00 | NOTE | |
r-patched-linux-x86_64 | 1.0.4 | 89.94 | 99.34 | 189.28 | NOTE | |
r-release-linux-x86_64 | 1.0.4 | 92.36 | 99.92 | 192.28 | NOTE | |
r-release-macos-arm64 | 1.0.4 | 68.00 | NOTE | |||
r-release-windows-x86_64 | 1.0.4 | 71.00 | 118.00 | 189.00 | NOTE | |
r-oldrel-macos-arm64 | 1.0.4 | 77.00 | NOTE | |||
r-oldrel-macos-x86_64 | 1.0.4 | 123.00 | NOTE | |||
r-oldrel-windows-x86_64 | 1.0.4 | 86.00 | 136.00 | 222.00 | NOTE |
Version: 1.0.4
Check: C++ specification
Result: NOTE
Specified C++11: please drop specification unless essential
Flavors: r-devel-linux-x86_64-debian-clang, r-devel-linux-x86_64-debian-gcc, r-devel-linux-x86_64-fedora-clang, r-devel-linux-x86_64-fedora-gcc, r-devel-windows-x86_64, r-patched-linux-x86_64, r-release-linux-x86_64, r-release-macos-arm64, r-release-windows-x86_64, r-oldrel-macos-arm64, r-oldrel-macos-x86_64, r-oldrel-windows-x86_64
Version: 1.0.4
Check: data for non-ASCII characters
Result: NOTE
Note: found 18 marked Latin-1 strings
Flavors: r-devel-linux-x86_64-fedora-clang, r-devel-linux-x86_64-fedora-gcc