Last updated on 2024-05-10 00:55:10 CEST.
Flavor | Version | Tinstall | Tcheck | Ttotal | Status | Flags |
---|---|---|---|---|---|---|
r-devel-linux-x86_64-debian-clang | 1.0.1 | 199.36 | 106.74 | 306.10 | OK | |
r-devel-linux-x86_64-debian-gcc | 1.0.1 | 157.30 | 85.66 | 242.96 | OK | |
r-devel-linux-x86_64-fedora-clang | 1.0.1 | 393.04 | OK | |||
r-devel-linux-x86_64-fedora-gcc | 1.0.1 | 509.33 | OK | |||
r-devel-windows-x86_64 | 1.0.1 | 138.00 | 112.00 | 250.00 | OK | |
r-patched-linux-x86_64 | 1.0.1 | 211.02 | 112.89 | 323.91 | OK | |
r-release-linux-x86_64 | 1.0.1 | 187.82 | 112.34 | 300.16 | OK | |
r-release-macos-arm64 | 1.0.1 | 84.00 | NOTE | |||
r-release-windows-x86_64 | 1.0.1 | 136.00 | 110.00 | 246.00 | OK | |
r-oldrel-macos-arm64 | 1.0.1 | 101.00 | NOTE | |||
r-oldrel-macos-x86_64 | 1.0.1 | 161.00 | NOTE | |||
r-oldrel-windows-x86_64 | 1.0.1 | 172.00 | 151.00 | 323.00 | OK |
Version: 1.0.1
Check: installed package size
Result: NOTE
installed size is 19.6Mb
sub-directories of 1Mb or more:
libs 19.3Mb
Flavors: r-release-macos-arm64, r-oldrel-macos-arm64, r-oldrel-macos-x86_64