Last updated on 2024-05-11 08:48:40 CEST.
Flavor | Version | Tinstall | Tcheck | Ttotal | Status | Flags |
---|---|---|---|---|---|---|
r-devel-linux-x86_64-debian-clang | 0.1.1 | 67.16 | 484.62 | 551.78 | NOTE | |
r-devel-linux-x86_64-debian-gcc | 0.1.1 | 48.20 | 376.21 | 424.41 | NOTE | |
r-devel-linux-x86_64-fedora-clang | 0.1.1 | 745.42 | NOTE | |||
r-devel-linux-x86_64-fedora-gcc | 0.1.1 | 700.20 | NOTE | |||
r-devel-windows-x86_64 | 0.1.1 | 51.00 | 336.00 | 387.00 | NOTE | |
r-patched-linux-x86_64 | 0.1.1 | 36.67 | 494.60 | 531.27 | NOTE | |
r-release-linux-x86_64 | 0.1.1 | 40.07 | 497.82 | 537.89 | NOTE | |
r-release-macos-arm64 | 0.1.1 | 188.00 | NOTE | |||
r-release-macos-x86_64 | 0.1.1 | 413.00 | OK | |||
r-release-windows-x86_64 | 0.1.1 | 51.00 | 333.00 | 384.00 | NOTE | |
r-oldrel-macos-arm64 | 0.1.1 | 5.00 | ERROR | |||
r-oldrel-macos-x86_64 | 0.1.1 | 298.00 | OK | |||
r-oldrel-windows-x86_64 | 0.1.1 | 70.00 | 448.00 | 518.00 | OK |
Version: 0.1.1
Check: Rd files
Result: NOTE
checkRd: (-1) FindVariableFeaturesMix.Rd:23: Lost braces in \itemize; meant \describe ?
checkRd: (-1) FindVariableFeaturesMix.Rd:24: Lost braces in \itemize; meant \describe ?
checkRd: (-1) FindVariableFeaturesMix.Rd:25: Lost braces in \itemize; meant \describe ?
checkRd: (-1) FindVariableFeaturesMix.Rd:26: Lost braces in \itemize; meant \describe ?
checkRd: (-1) FindVariableFeaturesMix.Rd:27: Lost braces in \itemize; meant \describe ?
checkRd: (-1) FindVariableFeaturesMix.Rd:28: Lost braces in \itemize; meant \describe ?
checkRd: (-1) FindVariableFeaturesMix.Rd:29: Lost braces in \itemize; meant \describe ?
checkRd: (-1) FindVariableFeaturesMix.Rd:30: Lost braces in \itemize; meant \describe ?
checkRd: (-1) FindVariableFeaturesMix.Rd:31: Lost braces in \itemize; meant \describe ?
checkRd: (-1) FindVariableFeaturesMix.Rd:32: Lost braces in \itemize; meant \describe ?
checkRd: (-1) FindVariableFeaturesMix.Rd:33: Lost braces in \itemize; meant \describe ?
checkRd: (-1) FindVariableFeaturesMix.Rd:34: Lost braces in \itemize; meant \describe ?
checkRd: (-1) FindVariableFeaturesMix.Rd:35: Lost braces in \itemize; meant \describe ?
checkRd: (-1) FindVariableFeaturesMix.Rd:36: Lost braces in \itemize; meant \describe ?
checkRd: (-1) FindVariableFeaturesMix.Rd:37: Lost braces in \itemize; meant \describe ?
checkRd: (-1) FindVariableFeaturesMix.Rd:38: Lost braces in \itemize; meant \describe ?
checkRd: (-1) FindVariableFeaturesMix.Rd:39: Lost braces in \itemize; meant \describe ?
checkRd: (-1) FindVariableFeaturesMix.Rd:52: Lost braces in \itemize; meant \describe ?
checkRd: (-1) FindVariableFeaturesMix.Rd:53: Lost braces in \itemize; meant \describe ?
Flavors: r-devel-linux-x86_64-debian-clang, r-devel-linux-x86_64-debian-gcc, r-devel-linux-x86_64-fedora-clang, r-devel-linux-x86_64-fedora-gcc, r-devel-windows-x86_64, r-patched-linux-x86_64, r-release-linux-x86_64, r-release-macos-arm64, r-release-windows-x86_64
Version: 0.1.1
Check: package dependencies
Result: ERROR
Package required but not available: ‘scran’
See section ‘The DESCRIPTION file’ in the ‘Writing R Extensions’
manual.
Flavor: r-oldrel-macos-arm64