Last updated on 2025-11-01 17:48:38 CET.
| Flavor | Version | Tinstall | Tcheck | Ttotal | Status | Flags |
|---|---|---|---|---|---|---|
| r-devel-linux-x86_64-debian-clang | 0.1.0 | 10.68 | 221.83 | 232.51 | NOTE | |
| r-devel-linux-x86_64-debian-gcc | 0.1.0 | 7.72 | 161.37 | 169.09 | NOTE | |
| r-devel-linux-x86_64-fedora-clang | 0.1.0 | 44.00 | 314.33 | 358.33 | OK | |
| r-devel-linux-x86_64-fedora-gcc | 0.1.0 | 22.00 | 357.82 | 379.82 | OK | |
| r-devel-windows-x86_64 | 0.1.0 | 11.00 | 221.00 | 232.00 | OK | |
| r-patched-linux-x86_64 | 0.1.0 | 10.09 | 226.96 | 237.05 | OK | |
| r-release-linux-x86_64 | 0.1.0 | 9.92 | 228.23 | 238.15 | OK | |
| r-release-macos-arm64 | 0.1.0 | 4.00 | 107.00 | 111.00 | OK | |
| r-release-macos-x86_64 | 0.1.0 | 7.00 | 208.00 | 215.00 | OK | |
| r-release-windows-x86_64 | 0.1.0 | 12.00 | 223.00 | 235.00 | OK | |
| r-oldrel-macos-arm64 | 0.1.0 | 5.00 | 120.00 | 125.00 | OK | |
| r-oldrel-macos-x86_64 | 0.1.0 | 7.00 | 182.00 | 189.00 | OK | |
| r-oldrel-windows-x86_64 | 0.1.0 | 15.00 | 304.00 | 319.00 | OK |
Version: 0.1.0
Check: CRAN incoming feasibility
Result: NOTE
Maintainer: ‘Alexander White <whitealj@iu.edu>’
The BugReports field in DESCRIPTION has
https://github.com/alexanderjwhite/mixedLSR
which should likely be
https://github.com/alexanderjwhite/mixedLSR/issues
instead.
Flavors: r-devel-linux-x86_64-debian-clang, r-devel-linux-x86_64-debian-gcc