Last updated on 2024-05-11 14:48:16 CEST.
Flavor | Version | Tinstall | Tcheck | Ttotal | Status | Flags |
---|---|---|---|---|---|---|
r-devel-linux-x86_64-debian-clang | 0.2.0 | 3.06 | 76.02 | 79.08 | NOTE | |
r-devel-linux-x86_64-debian-gcc | 0.2.0 | 2.25 | 55.54 | 57.79 | NOTE | |
r-devel-linux-x86_64-fedora-clang | 0.2.0 | 94.85 | NOTE | |||
r-devel-linux-x86_64-fedora-gcc | 0.2.0 | 100.68 | NOTE | |||
r-devel-windows-x86_64 | 0.2.0 | 5.00 | 84.00 | 89.00 | NOTE | |
r-patched-linux-x86_64 | 0.2.0 | 11.36 | 71.46 | 82.82 | NOTE | |
r-release-linux-x86_64 | 0.2.0 | 2.41 | 69.57 | 71.98 | NOTE | |
r-release-macos-arm64 | 0.2.0 | 37.00 | NOTE | |||
r-release-windows-x86_64 | 0.2.0 | 4.00 | 80.00 | 84.00 | NOTE | |
r-oldrel-macos-arm64 | 0.2.0 | 39.00 | NOTE | |||
r-oldrel-macos-x86_64 | 0.2.0 | 60.00 | NOTE | |||
r-oldrel-windows-x86_64 | 0.2.0 | 5.00 | 87.00 | 92.00 | NOTE |
Version: 0.2.0
Check: LazyData
Result: NOTE
'LazyData' is specified without a 'data' directory
Flavors: r-devel-linux-x86_64-debian-clang, r-devel-linux-x86_64-debian-gcc, r-devel-linux-x86_64-fedora-clang, r-devel-linux-x86_64-fedora-gcc, r-devel-windows-x86_64, r-patched-linux-x86_64, r-release-linux-x86_64, r-release-macos-arm64, r-release-windows-x86_64, r-oldrel-macos-arm64, r-oldrel-macos-x86_64, r-oldrel-windows-x86_64