Last updated on 2025-07-27 05:48:36 CEST.
Flavor | Version | Tinstall | Tcheck | Ttotal | Status | Flags |
---|---|---|---|---|---|---|
r-devel-linux-x86_64-debian-clang | 1.0-45 | 17.01 | 142.95 | 159.96 | NOTE | |
r-devel-linux-x86_64-debian-gcc | 1.0-47 | 10.32 | 98.06 | 108.38 | OK | |
r-devel-linux-x86_64-fedora-clang | 1.0-47 | 241.73 | OK | |||
r-devel-linux-x86_64-fedora-gcc | 1.0-47 | 239.74 | OK | |||
r-devel-windows-x86_64 | 1.0-47 | 20.00 | 145.00 | 165.00 | OK | |
r-patched-linux-x86_64 | 1.0-45 | 14.16 | 129.04 | 143.20 | NOTE | |
r-release-linux-x86_64 | 1.0-47 | 15.74 | 129.39 | 145.13 | OK | |
r-release-macos-arm64 | 1.0-45 | 73.00 | OK | |||
r-release-macos-x86_64 | 1.0-47 | 132.00 | OK | |||
r-release-windows-x86_64 | 1.0-47 | 21.00 | 143.00 | 164.00 | OK | |
r-oldrel-macos-arm64 | 1.0-45 | 72.00 | OK | |||
r-oldrel-macos-x86_64 | 1.0-47 | 129.00 | OK | |||
r-oldrel-windows-x86_64 | 1.0-45 | 25.00 | 189.00 | 214.00 | OK |
Version: 1.0-45
Check: CRAN incoming feasibility
Result: NOTE
Maintainer: ‘Richard M. Heiberger <rmh@temple.edu>’
No Authors@R field in DESCRIPTION.
Please add one, modifying
Authors@R: c(person(given = c("Richard", "M."),
family = "Heiberger",
role = c("aut", "cre"),
email = "rmh@temple.edu"),
person(given = c("with", "contributions", "from", "Karen"),
family = "Byron",
role = "aut"),
person(given = "Nooreen",
family = "Dabbish.",
role = "aut"))
as necessary.
Flavor: r-devel-linux-x86_64-debian-clang
Version: 1.0-45
Check: Rd cross-references
Result: NOTE
Found the following Rd file(s) with Rd \link{} targets missing package
anchors:
latex.AEdotplot.Rd: flextable
msWord.Rd: flextable
Please provide package anchors for all Rd \link{} targets not in the
package itself and the base packages.
Flavors: r-devel-linux-x86_64-debian-clang, r-patched-linux-x86_64