Last updated on 2025-05-29 03:49:51 CEST.
Flavor | Version | Tinstall | Tcheck | Ttotal | Status | Flags |
---|---|---|---|---|---|---|
r-devel-linux-x86_64-debian-clang | 0.1.3 | 4.73 | 43.46 | 48.19 | NOTE | |
r-devel-linux-x86_64-debian-gcc | 0.1.3 | 3.07 | 31.73 | 34.80 | NOTE | |
r-devel-linux-x86_64-fedora-clang | 0.1.3 | 73.29 | NOTE | |||
r-devel-linux-x86_64-fedora-gcc | 0.1.3 | 68.46 | NOTE | |||
r-devel-windows-x86_64 | 0.1.3 | 7.00 | 62.00 | 69.00 | NOTE | |
r-patched-linux-x86_64 | 0.1.3 | 5.49 | 38.61 | 44.10 | NOTE | |
r-release-linux-x86_64 | 0.1.3 | 5.10 | 38.34 | 43.44 | NOTE | |
r-release-macos-arm64 | 0.1.3 | 27.00 | NOTE | |||
r-release-macos-x86_64 | 0.1.3 | 43.00 | NOTE | |||
r-release-windows-x86_64 | 0.1.3 | 8.00 | 68.00 | 76.00 | NOTE | |
r-oldrel-macos-arm64 | 0.1.3 | 28.00 | OK | |||
r-oldrel-macos-x86_64 | 0.1.3 | 56.00 | OK | |||
r-oldrel-windows-x86_64 | 0.1.3 | 8.00 | 72.00 | 80.00 | OK |
Version: 0.1.3
Check: DESCRIPTION meta-information
Result: NOTE
Missing dependency on R >= 4.2.0 because package code uses the pipe
placeholder syntax added in R 4.2.0.
File(s) using such syntax:
‘read_mgi_biotype_conflict_rpt.R’
Flavors: r-devel-linux-x86_64-debian-clang, r-devel-linux-x86_64-debian-gcc, r-devel-linux-x86_64-fedora-clang, r-devel-linux-x86_64-fedora-gcc, r-devel-windows-x86_64, r-patched-linux-x86_64, r-release-linux-x86_64, r-release-macos-arm64, r-release-macos-x86_64, r-release-windows-x86_64