Last updated on 2024-05-11 08:48:39 CEST.
Flavor | Version | Tinstall | Tcheck | Ttotal | Status | Flags |
---|---|---|---|---|---|---|
r-devel-linux-x86_64-debian-clang | 1.0.4 | 5.11 | 142.19 | 147.30 | NOTE | |
r-devel-linux-x86_64-debian-gcc | 1.0.4 | 2.96 | 90.17 | 93.13 | NOTE | |
r-devel-linux-x86_64-fedora-clang | 1.0.4 | 225.38 | NOTE | |||
r-devel-linux-x86_64-fedora-gcc | 1.0.4 | 269.99 | NOTE | |||
r-devel-windows-x86_64 | 1.0.4 | 5.00 | 188.00 | 193.00 | NOTE | |
r-patched-linux-x86_64 | 1.0.4 | 4.99 | 140.73 | 145.72 | NOTE | |
r-release-linux-x86_64 | 1.0.4 | 3.61 | 141.16 | 144.77 | NOTE | |
r-release-macos-arm64 | 1.0.4 | 52.00 | NOTE | |||
r-release-windows-x86_64 | 1.0.4 | 6.00 | 180.00 | 186.00 | NOTE | |
r-oldrel-macos-arm64 | 1.0.4 | 38.00 | NOTE | |||
r-oldrel-macos-x86_64 | 1.0.4 | 55.00 | NOTE | |||
r-oldrel-windows-x86_64 | 1.0.4 | 6.00 | 91.00 | 97.00 | NOTE |
Version: 1.0.4
Check: Rd files
Result: NOTE
checkRd: (-1) size_t-class.Rd:6: Escaped LaTeX specials: \_
Flavors: r-devel-linux-x86_64-debian-clang, r-devel-linux-x86_64-debian-gcc, r-devel-linux-x86_64-fedora-clang, r-devel-linux-x86_64-fedora-gcc, r-devel-windows-x86_64, r-patched-linux-x86_64, r-release-linux-x86_64, r-release-macos-arm64, r-release-windows-x86_64, r-oldrel-macos-arm64, r-oldrel-macos-x86_64, r-oldrel-windows-x86_64