Last updated on 2024-05-07 14:49:19 CEST.
Flavor | Version | Tinstall | Tcheck | Ttotal | Status | Flags |
---|---|---|---|---|---|---|
r-devel-linux-x86_64-debian-clang | 1.1.12 | 15.90 | 143.26 | 159.16 | NOTE | |
r-devel-linux-x86_64-debian-gcc | 1.1.12 | 11.39 | 104.94 | 116.33 | NOTE | |
r-devel-linux-x86_64-fedora-clang | 1.1.12 | 194.81 | NOTE | |||
r-devel-linux-x86_64-fedora-gcc | 1.1.12 | 257.39 | NOTE | |||
r-devel-windows-x86_64 | 1.1.12 | 13.00 | 139.00 | 152.00 | NOTE | |
r-patched-linux-x86_64 | 1.1.12 | 14.60 | 135.03 | 149.63 | NOTE | |
r-release-linux-x86_64 | 1.1.12 | 10.86 | 137.74 | 148.60 | NOTE | |
r-release-macos-arm64 | 1.1.12 | 61.00 | NOTE | |||
r-release-windows-x86_64 | 1.1.12 | 13.00 | 136.00 | 149.00 | NOTE | |
r-oldrel-macos-arm64 | 1.1.12 | 59.00 | NOTE | |||
r-oldrel-macos-x86_64 | 1.1.12 | 165.00 | NOTE | |||
r-oldrel-windows-x86_64 | 1.1.12 | 17.00 | 156.00 | 173.00 | NOTE |
Version: 1.1.12
Check: package dependencies
Result: NOTE
Package suggested but not available for checking: ‘rrelaxiv’
Flavors: r-devel-linux-x86_64-debian-clang, r-devel-linux-x86_64-debian-gcc, r-devel-linux-x86_64-fedora-clang, r-devel-linux-x86_64-fedora-gcc, r-devel-windows-x86_64, r-patched-linux-x86_64, r-release-linux-x86_64, r-release-macos-arm64, r-release-windows-x86_64, r-oldrel-macos-arm64, r-oldrel-macos-x86_64, r-oldrel-windows-x86_64
Version: 1.1.12
Check: Rd files
Result: NOTE
checkRd: (-1) matchMulti-package.Rd:75: Lost braces
75 | c("\\Sexpr[results=rd,stage=build]{tools:::Rd_package_author(\"#1\")}",
| ^
checkRd: (-1) matchMulti-package.Rd:79: Lost braces
79 | c("\\Sexpr[results=rd,stage=build]{tools:::Rd_package_maintainer(\"#1\")}",
| ^
Flavors: r-devel-linux-x86_64-debian-clang, r-devel-linux-x86_64-debian-gcc, r-devel-linux-x86_64-fedora-clang, r-devel-linux-x86_64-fedora-gcc, r-devel-windows-x86_64, r-patched-linux-x86_64, r-release-linux-x86_64, r-release-macos-arm64, r-release-windows-x86_64