Last updated on 2025-05-23 09:52:17 CEST.
Flavor | Version | Tinstall | Tcheck | Ttotal | Status | Flags |
---|---|---|---|---|---|---|
r-devel-linux-x86_64-debian-clang | 1.1.5 | 63.85 | 219.62 | 283.47 | OK | |
r-devel-linux-x86_64-debian-gcc | 1.1.5 | 44.59 | 142.61 | 187.20 | OK | |
r-devel-linux-x86_64-fedora-clang | 1.1.5 | 468.53 | OK | |||
r-devel-linux-x86_64-fedora-gcc | 1.1.5 | 481.22 | OK | |||
r-devel-windows-x86_64 | 1.1.5 | 62.00 | 307.00 | 369.00 | OK | |
r-patched-linux-x86_64 | 1.1.5 | 65.50 | 206.21 | 271.71 | OK | |
r-release-linux-x86_64 | 1.1.5 | 62.57 | 207.44 | 270.01 | OK | |
r-release-macos-arm64 | 1.1.5 | 173.00 | OK | |||
r-release-macos-x86_64 | 1.1.5 | 292.00 | OK | |||
r-release-windows-x86_64 | 1.1.5 | 59.00 | 305.00 | 364.00 | OK | |
r-oldrel-macos-arm64 | 1.1.5 | 83.00 | NOTE | |||
r-oldrel-macos-x86_64 | 1.1.5 | 151.00 | NOTE | |||
r-oldrel-windows-x86_64 | 1.1.5 | 79.00 | 367.00 | 446.00 | OK |
Version: 1.1.5
Check: installed package size
Result: NOTE
installed size is 5.3Mb
sub-directories of 1Mb or more:
libs 3.5Mb
Flavors: r-oldrel-macos-arm64, r-oldrel-macos-x86_64