Last updated on 2025-10-21 23:50:59 CEST.
Flavor | Version | Tinstall | Tcheck | Ttotal | Status | Flags |
---|---|---|---|---|---|---|
r-devel-linux-x86_64-debian-clang | 0.5.4 | 2.90 | 54.67 | 57.57 | NOTE | |
r-devel-linux-x86_64-debian-gcc | 0.5.4 | 2.64 | 41.38 | 44.02 | NOTE | |
r-devel-linux-x86_64-fedora-clang | 0.5.4 | 86.82 | OK | |||
r-devel-linux-x86_64-fedora-gcc | 0.5.4 | 98.16 | OK | |||
r-devel-windows-x86_64 | 0.5.4 | 7.00 | 78.00 | 85.00 | OK | |
r-patched-linux-x86_64 | 0.5.4 | 2.71 | 52.59 | 55.30 | OK | |
r-release-linux-x86_64 | 0.5.4 | 3.25 | 53.25 | 56.50 | OK | |
r-release-macos-arm64 | 0.5.4 | 2.00 | 46.00 | 48.00 | OK | |
r-release-macos-x86_64 | 0.5.4 | 4.00 | 77.00 | 81.00 | OK | |
r-release-windows-x86_64 | 0.5.4 | 6.00 | 80.00 | 86.00 | OK | |
r-oldrel-macos-arm64 | 0.5.4 | 2.00 | 32.00 | 34.00 | OK | |
r-oldrel-macos-x86_64 | 0.5.4 | 3.00 | 50.00 | 53.00 | OK | |
r-oldrel-windows-x86_64 | 0.5.4 | 7.00 | 91.00 | 98.00 | OK |
Version: 0.5.4
Check: HTML version of manual
Result: NOTE
Found the following HTML validation problems:
plot.mapsapi_map.html:51:1 (plot.mapsapi_map.Rd:12): Warning: missing </ul> before </div>
Flavors: r-devel-linux-x86_64-debian-clang, r-devel-linux-x86_64-debian-gcc