Last updated on 2025-07-23 23:51:05 CEST.
Flavor | Version | Tinstall | Tcheck | Ttotal | Status | Flags |
---|---|---|---|---|---|---|
r-devel-linux-x86_64-debian-clang | 0.3.5 | 188.99 | 59.59 | 248.58 | NOTE | |
r-devel-linux-x86_64-debian-gcc | 0.3.5 | 156.52 | 44.29 | 200.81 | NOTE | |
r-devel-linux-x86_64-fedora-clang | 0.3.5 | 380.86 | NOTE | |||
r-devel-linux-x86_64-fedora-gcc | 0.3.5 | 540.20 | NOTE | |||
r-devel-windows-x86_64 | 0.3.5 | 208.00 | 116.00 | 324.00 | NOTE | |
r-patched-linux-x86_64 | 0.3.5 | 218.53 | 55.26 | 273.79 | NOTE | |
r-release-linux-x86_64 | 0.3.5 | 219.78 | 55.27 | 275.05 | NOTE | |
r-release-macos-arm64 | 0.3.5 | 134.00 | NOTE | |||
r-release-macos-x86_64 | 0.3.5 | 120.00 | NOTE | |||
r-release-windows-x86_64 | 0.3.5 | 209.00 | 117.00 | 326.00 | NOTE | |
r-oldrel-macos-arm64 | 0.3.5 | 114.00 | NOTE | |||
r-oldrel-macos-x86_64 | 0.3.5 | 119.00 | NOTE | |||
r-oldrel-windows-x86_64 | 0.3.5 | 246.00 | 144.00 | 390.00 | NOTE |
Version: 0.3.5
Check: C++ specification
Result: NOTE
Specified C++14: please drop specification unless essential
Flavors: r-devel-linux-x86_64-debian-clang, r-devel-linux-x86_64-debian-gcc, r-devel-linux-x86_64-fedora-clang, r-devel-linux-x86_64-fedora-gcc, r-devel-windows-x86_64, r-patched-linux-x86_64, r-release-linux-x86_64, r-release-macos-arm64, r-release-macos-x86_64, r-release-windows-x86_64, r-oldrel-macos-arm64, r-oldrel-macos-x86_64, r-oldrel-windows-x86_64
Version: 0.3.5
Check: installed package size
Result: NOTE
installed size is 22.2Mb
sub-directories of 1Mb or more:
data 1.3Mb
doc 1.6Mb
htmlwidgets 3.5Mb
libs 15.3Mb
Flavors: r-oldrel-macos-arm64, r-oldrel-macos-x86_64, r-oldrel-windows-x86_64