Last updated on 2024-05-03 01:51:24 CEST.
Flavor | Version | Tinstall | Tcheck | Ttotal | Status | Flags |
---|---|---|---|---|---|---|
r-devel-linux-x86_64-debian-clang | 2.8.3 | 170.65 | 148.79 | 319.44 | OK | |
r-devel-linux-x86_64-debian-gcc | 2.8.3 | 115.50 | 120.88 | 236.38 | OK | |
r-devel-linux-x86_64-fedora-clang | 2.8.3 | 518.02 | NOTE | |||
r-devel-linux-x86_64-fedora-gcc | 2.8.3 | 459.28 | OK | |||
r-devel-windows-x86_64 | 2.8.3 | 168.00 | 469.00 | 637.00 | NOTE | |
r-patched-linux-x86_64 | 2.8.3 | 157.64 | 148.36 | 306.00 | OK | |
r-release-linux-x86_64 | 2.8.3 | 163.05 | 144.50 | 307.55 | OK | |
r-release-macos-arm64 | 2.8.3 | 109.00 | NOTE | |||
r-release-macos-x86_64 | 2.8.3 | 278.00 | NOTE | |||
r-release-windows-x86_64 | 2.8.3 | 157.00 | 463.00 | 620.00 | NOTE | |
r-oldrel-macos-arm64 | 2.8.3 | 157.00 | NOTE | |||
r-oldrel-macos-x86_64 | 2.8.3 | 289.00 | NOTE | |||
r-oldrel-windows-x86_64 | 2.8.3 | 169.00 | 550.00 | 719.00 | NOTE |
Version: 2.8.3
Check: package dependencies
Result: NOTE
Package suggested but not available for checking: ‘tesseract’
Flavor: r-devel-linux-x86_64-fedora-clang
Version: 2.8.3
Check: installed package size
Result: NOTE
installed size is 7.4Mb
sub-directories of 1Mb or more:
doc 6.3Mb
Flavors: r-devel-linux-x86_64-fedora-clang, r-devel-windows-x86_64, r-release-macos-arm64, r-release-macos-x86_64, r-release-windows-x86_64, r-oldrel-macos-arm64, r-oldrel-macos-x86_64, r-oldrel-windows-x86_64