Last updated on 2025-11-01 12:49:45 CET.
| Flavor | Version | Tinstall | Tcheck | Ttotal | Status | Flags |
|---|---|---|---|---|---|---|
| r-devel-linux-x86_64-debian-clang | 1.0.7 | 2.11 | 56.50 | 58.61 | NOTE | |
| r-devel-linux-x86_64-debian-gcc | 1.0.7 | 1.65 | 39.08 | 40.73 | NOTE | |
| r-devel-linux-x86_64-fedora-clang | 1.0.7 | 86.71 | OK | |||
| r-devel-linux-x86_64-fedora-gcc | 1.0.7 | 22.00 | 70.37 | 92.37 | OK | |
| r-devel-windows-x86_64 | 1.0.7 | 3.00 | 77.00 | 80.00 | OK | |
| r-patched-linux-x86_64 | 1.0.7 | 1.59 | 37.90 | 39.49 | OK | |
| r-release-linux-x86_64 | 1.0.7 | 2.05 | 52.07 | 54.12 | OK | |
| r-release-macos-arm64 | 1.0.7 | 1.00 | 30.00 | 31.00 | OK | |
| r-release-macos-x86_64 | 1.0.7 | 3.00 | 65.00 | 68.00 | OK | |
| r-release-windows-x86_64 | 1.0.7 | 3.00 | 72.00 | 75.00 | OK | |
| r-oldrel-macos-arm64 | 1.0.7 | 1.00 | 26.00 | 27.00 | OK | |
| r-oldrel-macos-x86_64 | 1.0.7 | 2.00 | 61.00 | 63.00 | OK | |
| r-oldrel-windows-x86_64 | 1.0.7 | 3.00 | 85.00 | 88.00 | OK |
Version: 1.0.7
Check: CRAN incoming feasibility
Result: NOTE
Maintainer: ‘Steven Rozen <steverozen@pm.me>’
Package CITATION file contains call(s) to old-style citEntry(). Please
use bibentry() instead.
Flavors: r-devel-linux-x86_64-debian-clang, r-devel-linux-x86_64-debian-gcc