Last updated on 2024-05-13 11:56:41 CEST.
Flavor | Version | Tinstall | Tcheck | Ttotal | Status | Flags |
---|---|---|---|---|---|---|
r-devel-linux-x86_64-debian-clang | 1.0-1 | 3.49 | 32.19 | 35.68 | NOTE | |
r-devel-linux-x86_64-debian-gcc | 1.0-1 | 2.88 | 24.83 | 27.71 | NOTE | |
r-devel-linux-x86_64-fedora-clang | 1.0-1 | 44.60 | NOTE | |||
r-devel-linux-x86_64-fedora-gcc | 1.0-1 | 60.38 | NOTE | |||
r-devel-windows-x86_64 | 1.0-1 | 4.00 | 48.00 | 52.00 | NOTE | |
r-patched-linux-x86_64 | 1.0-1 | 3.80 | 30.13 | 33.93 | NOTE | |
r-release-linux-x86_64 | 1.0-1 | 3.89 | 30.95 | 34.84 | NOTE | |
r-release-macos-arm64 | 1.0-1 | 18.00 | NOTE | |||
r-release-windows-x86_64 | 1.0-1 | 6.00 | 47.00 | 53.00 | NOTE | |
r-oldrel-macos-arm64 | 1.0-1 | 19.00 | NOTE | |||
r-oldrel-macos-x86_64 | 1.0-1 | 27.00 | NOTE | |||
r-oldrel-windows-x86_64 | 1.0-1 | 5.00 | 49.00 | 54.00 | NOTE |
Version: 1.0-1
Check: LazyData
Result: NOTE
'LazyData' is specified without a 'data' directory
Flavors: r-devel-linux-x86_64-debian-clang, r-devel-linux-x86_64-debian-gcc, r-devel-linux-x86_64-fedora-clang, r-devel-linux-x86_64-fedora-gcc, r-devel-windows-x86_64, r-patched-linux-x86_64, r-release-linux-x86_64, r-release-macos-arm64, r-release-windows-x86_64, r-oldrel-macos-arm64, r-oldrel-macos-x86_64, r-oldrel-windows-x86_64