Last updated on 2024-05-02 22:54:44 CEST.
Flavor | Version | Tinstall | Tcheck | Ttotal | Status | Flags |
---|---|---|---|---|---|---|
r-devel-linux-x86_64-debian-clang | 1.0-0 | 1.48 | 34.66 | 36.14 | NOTE | |
r-devel-linux-x86_64-debian-gcc | 1.0-0 | 1.50 | 26.46 | 27.96 | NOTE | |
r-devel-linux-x86_64-fedora-clang | 1.0-0 | 47.25 | NOTE | |||
r-devel-linux-x86_64-fedora-gcc | 1.0-0 | 57.10 | NOTE | |||
r-devel-windows-x86_64 | 1.0-0 | 4.00 | 50.00 | 54.00 | NOTE | |
r-patched-linux-x86_64 | 1.0-0 | 1.80 | 32.47 | 34.27 | NOTE | |
r-release-linux-x86_64 | 1.0-0 | 1.39 | 33.34 | 34.73 | NOTE | |
r-release-macos-arm64 | 1.0-0 | 24.00 | NOTE | |||
r-release-windows-x86_64 | 1.0-0 | 3.00 | 48.00 | 51.00 | NOTE | |
r-oldrel-macos-arm64 | 1.0-0 | 25.00 | NOTE | |||
r-oldrel-macos-x86_64 | 1.0-0 | 35.00 | NOTE | |||
r-oldrel-windows-x86_64 | 1.0-0 | 2.00 | 47.00 | 49.00 | NOTE |
Version: 1.0-0
Check: LazyData
Result: NOTE
'LazyData' is specified without a 'data' directory
Flavors: r-devel-linux-x86_64-debian-clang, r-devel-linux-x86_64-debian-gcc, r-devel-linux-x86_64-fedora-clang, r-devel-linux-x86_64-fedora-gcc, r-devel-windows-x86_64, r-patched-linux-x86_64, r-release-linux-x86_64, r-release-macos-arm64, r-release-windows-x86_64, r-oldrel-macos-arm64, r-oldrel-macos-x86_64, r-oldrel-windows-x86_64