CRAN Package Check Results for Package lrequire

Last updated on 2025-05-22 15:51:58 CEST.

Flavor Version Tinstall Tcheck Ttotal Status Flags
r-devel-linux-x86_64-debian-clang 0.1.3 1.71 20.15 21.86 NOTE
r-devel-linux-x86_64-debian-gcc 0.1.3 1.27 16.63 17.90 NOTE
r-devel-linux-x86_64-fedora-clang 0.1.3 32.47 OK
r-devel-linux-x86_64-fedora-gcc 0.1.3 31.01 OK
r-devel-windows-x86_64 0.1.3 2.00 63.00 65.00 OK
r-patched-linux-x86_64 0.1.3 1.93 18.09 20.02 OK
r-release-linux-x86_64 0.1.3 1.40 17.98 19.38 OK
r-release-macos-arm64 0.1.3 27.00 OK
r-release-macos-x86_64 0.1.3 25.00 OK
r-release-windows-x86_64 0.1.3 2.00 75.00 77.00 OK
r-oldrel-macos-arm64 0.1.3 16.00 NOTE
r-oldrel-macos-x86_64 0.1.3 22.00 NOTE
r-oldrel-windows-x86_64 0.1.3 2.00 46.00 48.00 NOTE

Check Details

Version: 0.1.3
Check: CRAN incoming feasibility
Result: NOTE Maintainer: ‘Rick Wargo <lrequire@rickwargo.com>’ No Authors@R field in DESCRIPTION. Please add one, modifying Authors@R: person(given = "Rick", family = "Wargo", role = c("aut", "cre"), email = "lrequire@rickwargo.com") as necessary. Flavors: r-devel-linux-x86_64-debian-clang, r-devel-linux-x86_64-debian-gcc

Version: 0.1.3
Check: LazyData
Result: NOTE 'LazyData' is specified without a 'data' directory Flavors: r-oldrel-macos-arm64, r-oldrel-macos-x86_64, r-oldrel-windows-x86_64