Last updated on 2024-05-13 07:50:06 CEST.
Flavor | Version | Tinstall | Tcheck | Ttotal | Status | Flags |
---|---|---|---|---|---|---|
r-devel-linux-x86_64-debian-clang | 1.0.0 | 42.58 | 449.82 | 492.40 | OK | |
r-devel-linux-x86_64-debian-gcc | 1.0.0 | 35.89 | 258.49 | 294.38 | OK | |
r-devel-linux-x86_64-fedora-clang | 1.0.0 | 623.25 | OK | |||
r-devel-linux-x86_64-fedora-gcc | 1.0.0 | 684.29 | OK | |||
r-devel-windows-x86_64 | 1.0.0 | 38.00 | 282.00 | 320.00 | OK | |
r-patched-linux-x86_64 | 1.0.0 | 53.10 | 463.55 | 516.65 | OK | |
r-release-linux-x86_64 | 1.0.0 | 45.04 | 444.10 | 489.14 | OK | |
r-release-macos-arm64 | 1.0.0 | 174.00 | NOTE | |||
r-release-windows-x86_64 | 1.0.0 | 35.00 | 282.00 | 317.00 | OK | |
r-oldrel-macos-arm64 | 1.0.0 | 173.00 | NOTE | |||
r-oldrel-macos-x86_64 | 1.0.0 | 519.00 | NOTE | |||
r-oldrel-windows-x86_64 | 1.0.0 | 49.00 | 338.00 | 387.00 | OK |
Version: 1.0.0
Check: installed package size
Result: NOTE
installed size is 6.3Mb
sub-directories of 1Mb or more:
data 4.0Mb
libs 1.6Mb
Flavors: r-release-macos-arm64, r-oldrel-macos-arm64, r-oldrel-macos-x86_64