Last updated on 2025-05-02 04:49:39 CEST.
Flavor | Version | Tinstall | Tcheck | Ttotal | Status | Flags |
---|---|---|---|---|---|---|
r-devel-linux-x86_64-debian-clang | 0.1.9 | 10.86 | 89.17 | 100.03 | NOTE | |
r-devel-linux-x86_64-debian-gcc | 0.1.9 | 7.98 | 61.86 | 69.84 | OK | |
r-devel-linux-x86_64-fedora-clang | 0.1.9 | 139.49 | OK | |||
r-devel-linux-x86_64-fedora-gcc | 0.1.9 | 131.96 | OK | |||
r-devel-windows-x86_64 | 0.1.9 | 10.00 | 90.00 | 100.00 | OK | |
r-patched-linux-x86_64 | 0.1.9 | 10.02 | 81.20 | 91.22 | OK | |
r-release-linux-x86_64 | OK | |||||
r-release-macos-arm64 | 0.1.9 | 46.00 | OK | |||
r-release-macos-x86_64 | 0.1.9 | 72.00 | OK | |||
r-release-windows-x86_64 | 0.1.9 | 13.00 | 89.00 | 102.00 | OK | |
r-oldrel-macos-arm64 | 0.1.9 | 45.00 | OK | |||
r-oldrel-macos-x86_64 | 0.1.9 | 84.00 | OK | |||
r-oldrel-windows-x86_64 | 0.1.9 | 14.00 | 111.00 | 125.00 | OK |
Version: 0.1.9
Check: examples
Result: NOTE
Examples with CPU (user + system) or elapsed time > 5s
user system elapsed
lmerp 3.8 0.051 5.119
Flavor: r-devel-linux-x86_64-debian-clang