Last updated on 2025-05-23 18:50:32 CEST.
Flavor | Version | Tinstall | Tcheck | Ttotal | Status | Flags |
---|---|---|---|---|---|---|
r-devel-linux-x86_64-debian-clang | 2.9.8 | 106.67 | 53.45 | 160.12 | OK | |
r-devel-linux-x86_64-debian-gcc | 2.9.8 | 69.63 | 39.39 | 109.02 | OK | |
r-devel-linux-x86_64-fedora-clang | 2.9.8 | 335.31 | OK | |||
r-devel-linux-x86_64-fedora-gcc | 2.9.8 | 329.51 | OK | |||
r-devel-windows-x86_64 | 2.9.8 | 115.00 | 174.00 | 289.00 | OK | |
r-patched-linux-x86_64 | 2.9.8 | 96.25 | 51.48 | 147.73 | OK | |
r-release-linux-x86_64 | 2.9.8 | 97.64 | 51.13 | 148.77 | OK | |
r-release-macos-arm64 | 2.9.8 | 71.00 | OK | |||
r-release-macos-x86_64 | 2.9.8 | 106.00 | OK | |||
r-release-windows-x86_64 | 2.9.8 | 126.00 | 177.00 | 303.00 | OK | |
r-oldrel-macos-arm64 | 2.9.8 | 88.00 | OK | |||
r-oldrel-macos-x86_64 | 2.9.8 | 120.00 | NOTE | |||
r-oldrel-windows-x86_64 | 2.9.8 | 103.00 | 134.00 | 237.00 | OK |
Version: 2.9.8
Check: installed package size
Result: NOTE
installed size is 5.1Mb
sub-directories of 1Mb or more:
libs 4.7Mb
Flavor: r-oldrel-macos-x86_64