Last updated on 2024-05-13 11:56:39 CEST.
Flavor | Version | Tinstall | Tcheck | Ttotal | Status | Flags |
---|---|---|---|---|---|---|
r-devel-linux-x86_64-debian-clang | 0.1.2 | 3.99 | 44.55 | 48.54 | OK | |
r-devel-linux-x86_64-debian-gcc | 0.1.2 | 3.28 | 33.56 | 36.84 | OK | |
r-devel-linux-x86_64-fedora-clang | 0.1.2 | 62.28 | NOTE | |||
r-devel-linux-x86_64-fedora-gcc | 0.1.2 | 89.50 | NOTE | |||
r-devel-windows-x86_64 | 0.1.2 | 4.00 | 56.00 | 60.00 | OK | |
r-patched-linux-x86_64 | 0.1.2 | 3.40 | 42.78 | 46.18 | OK | |
r-release-linux-x86_64 | 0.1.2 | 4.32 | 42.33 | 46.65 | OK | |
r-release-macos-arm64 | 0.1.2 | 28.00 | OK | |||
r-release-windows-x86_64 | 0.1.2 | 6.00 | 56.00 | 62.00 | OK | |
r-oldrel-macos-arm64 | 0.1.2 | 28.00 | OK | |||
r-oldrel-macos-x86_64 | 0.1.2 | 40.00 | OK | |||
r-oldrel-windows-x86_64 | 0.1.2 | 6.00 | 56.00 | 62.00 | OK |
Version: 0.1.2
Check: data for non-ASCII characters
Result: NOTE
Note: found 32 marked UTF-8 strings
Flavors: r-devel-linux-x86_64-fedora-clang, r-devel-linux-x86_64-fedora-gcc