Last updated on 2025-10-30 14:48:52 CET.
| Flavor | Version | Tinstall | Tcheck | Ttotal | Status | Flags | 
|---|---|---|---|---|---|---|
| r-devel-linux-x86_64-debian-clang | 0.9-4 | 2.85 | 24.67 | 27.52 | NOTE | |
| r-devel-linux-x86_64-debian-gcc | 0.9-4 | 2.31 | 19.39 | 21.70 | NOTE | |
| r-devel-linux-x86_64-fedora-clang | 0.9-4 | 15.00 | 28.09 | 43.09 | NOTE | |
| r-devel-linux-x86_64-fedora-gcc | 0.9-4 | 38.88 | NOTE | |||
| r-devel-windows-x86_64 | 0.9-4 | 4.00 | 44.00 | 48.00 | NOTE | |
| r-patched-linux-x86_64 | 0.9-4 | 2.86 | 23.04 | 25.90 | NOTE | |
| r-release-linux-x86_64 | 0.9-4 | 2.72 | 22.99 | 25.71 | NOTE | |
| r-release-macos-arm64 | 0.9-4 | 1.00 | 17.00 | 18.00 | NOTE | |
| r-release-macos-x86_64 | 0.9-4 | 2.00 | 29.00 | 31.00 | NOTE | |
| r-release-windows-x86_64 | 0.9-4 | 5.00 | 49.00 | 54.00 | NOTE | |
| r-oldrel-macos-arm64 | 0.9-4 | 1.00 | 20.00 | 21.00 | NOTE | |
| r-oldrel-macos-x86_64 | 0.9-4 | 2.00 | 21.00 | 23.00 | NOTE | |
| r-oldrel-windows-x86_64 | 0.9-4 | 3.00 | 44.00 | 47.00 | NOTE | 
Version: 0.9-4
Check: CRAN incoming feasibility
Result: NOTE
  Maintainer: ‘Arne Henningsen <arne.henningsen@gmail.com>’
  
  No Authors@R field in DESCRIPTION.
  Please add one, modifying
    Authors@R: person(given = "Arne",
                      family = "Henningsen",
                      role = c("aut", "cre"),
                      email = "arne.henningsen@gmail.com")
  as necessary.
Flavors: r-devel-linux-x86_64-debian-clang, r-devel-linux-x86_64-debian-gcc
Version: 0.9-4
Check: Rd files
Result: NOTE
  checkRd: (-1) solveLP.Rd:119: Escaped LaTeX specials: \&
Flavors: r-devel-linux-x86_64-debian-clang, r-devel-linux-x86_64-debian-gcc, r-devel-linux-x86_64-fedora-clang, r-devel-linux-x86_64-fedora-gcc, r-devel-windows-x86_64, r-patched-linux-x86_64, r-release-linux-x86_64, r-release-macos-arm64, r-release-macos-x86_64, r-release-windows-x86_64, r-oldrel-macos-arm64, r-oldrel-macos-x86_64, r-oldrel-windows-x86_64