Last updated on 2024-05-10 00:55:07 CEST.
Flavor | Version | Tinstall | Tcheck | Ttotal | Status | Flags |
---|---|---|---|---|---|---|
r-devel-linux-x86_64-debian-clang | 1.0.7 | 76.92 | 113.58 | 190.50 | OK | |
r-devel-linux-x86_64-debian-gcc | 1.0.7 | 71.92 | 82.77 | 154.69 | OK | |
r-devel-linux-x86_64-fedora-clang | 1.0.7 | 273.04 | OK | |||
r-devel-linux-x86_64-fedora-gcc | 1.0.7 | 335.74 | OK | |||
r-devel-windows-x86_64 | 1.0.7 | 70.00 | 115.00 | 185.00 | OK | |
r-patched-linux-x86_64 | 1.0.7 | 99.16 | 106.98 | 206.14 | OK | |
r-release-linux-x86_64 | 1.0.7 | 90.07 | 107.01 | 197.08 | OK | |
r-release-macos-arm64 | 1.0.7 | 66.00 | NOTE | |||
r-release-macos-x86_64 | 1.0.7 | 155.00 | NOTE | |||
r-release-windows-x86_64 | 1.0.7 | 65.00 | 114.00 | 179.00 | OK | |
r-oldrel-macos-arm64 | 1.0.7 | 72.00 | NOTE | |||
r-oldrel-macos-x86_64 | 1.0.7 | 154.00 | NOTE | |||
r-oldrel-windows-x86_64 | 1.0.7 | 66.00 | 140.00 | 206.00 | OK |
Version: 1.0.7
Check: installed package size
Result: NOTE
installed size is 5.1Mb
sub-directories of 1Mb or more:
libs 4.7Mb
Flavors: r-release-macos-arm64, r-release-macos-x86_64, r-oldrel-macos-arm64, r-oldrel-macos-x86_64