Last updated on 2024-05-21 17:50:01 CEST.
Flavor | Version | Tinstall | Tcheck | Ttotal | Status | Flags |
---|---|---|---|---|---|---|
r-devel-linux-x86_64-debian-clang | 1.1 | 50.94 | 178.18 | 229.12 | OK | |
r-devel-linux-x86_64-debian-gcc | 1.1 | 30.22 | 144.24 | 174.46 | OK | |
r-devel-linux-x86_64-fedora-clang | 1.1 | 284.92 | NOTE | |||
r-devel-linux-x86_64-fedora-gcc | 1.1 | 342.20 | NOTE | |||
r-devel-windows-x86_64 | 1.1 | 36.00 | 182.00 | 218.00 | OK | |
r-patched-linux-x86_64 | 1.1 | 36.42 | 199.33 | 235.75 | OK | |
r-release-linux-x86_64 | 1.1 | 35.37 | 200.15 | 235.52 | OK | |
r-release-macos-arm64 | 1.1 | 99.00 | NOTE | |||
r-release-windows-x86_64 | 1.1 | 40.00 | 180.00 | 220.00 | OK | |
r-oldrel-macos-arm64 | 1.1 | 110.00 | NOTE | |||
r-oldrel-macos-x86_64 | 1.1 | 156.00 | NOTE | |||
r-oldrel-windows-x86_64 | 1.1 | 46.00 | 223.00 | 269.00 | OK |
Version: 1.1
Check: dependencies in R code
Result: NOTE
Namespaces in Imports field not imported from:
‘ggplot2’ ‘knitr’ ‘purrr’ ‘rmarkdown’
All declared Imports should be used.
Flavors: r-devel-linux-x86_64-fedora-clang, r-devel-linux-x86_64-fedora-gcc
Version: 1.1
Check: installed package size
Result: NOTE
installed size is 11.4Mb
sub-directories of 1Mb or more:
data 1.8Mb
libs 9.1Mb
Flavors: r-release-macos-arm64, r-oldrel-macos-arm64, r-oldrel-macos-x86_64