Last updated on 2024-05-11 08:48:38 CEST.
Flavor | Version | Tinstall | Tcheck | Ttotal | Status | Flags |
---|---|---|---|---|---|---|
r-devel-linux-x86_64-debian-clang | 2.0.0 | 2.39 | 31.75 | 34.14 | OK | |
r-devel-linux-x86_64-debian-gcc | 2.0.0 | 1.99 | 25.12 | 27.11 | OK | |
r-devel-linux-x86_64-fedora-clang | 2.0.0 | 43.65 | OK | |||
r-devel-linux-x86_64-fedora-gcc | 2.0.0 | 60.21 | OK | |||
r-devel-windows-x86_64 | 2.0.0 | 3.00 | 53.00 | 56.00 | OK | |
r-patched-linux-x86_64 | 2.0.0 | 2.41 | 31.41 | 33.82 | OK | |
r-release-linux-x86_64 | 2.0.0 | 1.97 | 31.16 | 33.13 | OK | |
r-release-macos-arm64 | 2.0.0 | 21.00 | NOTE | |||
r-release-windows-x86_64 | 2.0.0 | 4.00 | 53.00 | 57.00 | OK | |
r-oldrel-macos-arm64 | 2.0.0 | 23.00 | OK | |||
r-oldrel-macos-x86_64 | 2.0.0 | 45.00 | OK | |||
r-oldrel-windows-x86_64 | 2.0.0 | 4.00 | 50.00 | 54.00 | OK |
Version: 2.0.0
Check: package dependencies
Result: NOTE
Package suggested but not available for checking: ‘V8’
Flavor: r-release-macos-arm64