Last updated on 2024-05-02 23:51:55 CEST.
Flavor | Version | Tinstall | Tcheck | Ttotal | Status | Flags |
---|---|---|---|---|---|---|
r-devel-linux-x86_64-debian-clang | 1.5.2 | 5.09 | 44.72 | 49.81 | OK | |
r-devel-linux-x86_64-debian-gcc | 1.5.2 | 4.57 | 34.56 | 39.13 | OK | |
r-devel-linux-x86_64-fedora-clang | 1.5.2 | 62.05 | OK | |||
r-devel-linux-x86_64-fedora-gcc | 1.5.2 | 68.55 | OK | |||
r-devel-windows-x86_64 | 1.5.2 | 8.00 | 61.00 | 69.00 | OK | |
r-patched-linux-x86_64 | 1.5.2 | 5.64 | 44.63 | 50.27 | OK | |
r-release-linux-x86_64 | 1.4.2 | 4.83 | 44.14 | 48.97 | NOTE | |
r-release-macos-arm64 | 1.5.2 | 37.00 | OK | |||
r-release-macos-x86_64 | 1.5.2 | 63.00 | OK | |||
r-release-windows-x86_64 | 1.5.2 | 11.00 | 60.00 | 71.00 | OK | |
r-oldrel-macos-arm64 | 1.5.2 | 35.00 | OK | |||
r-oldrel-macos-x86_64 | 1.5.2 | 64.00 | OK | |||
r-oldrel-windows-x86_64 | 1.5.2 | 10.00 | 68.00 | 78.00 | OK |
Version: 1.4.2
Check: Rd contents
Result: NOTE
Argument items with no description in Rd file 'top.topic.words.Rd':
‘alpha’
Flavor: r-release-linux-x86_64