Last updated on 2025-10-31 18:51:08 CET.
| Flavor | Version | Tinstall | Tcheck | Ttotal | Status | Flags | 
|---|---|---|---|---|---|---|
| r-devel-linux-x86_64-debian-clang | 1.2-18 | 2.51 | 19.76 | 22.27 | NOTE | |
| r-devel-linux-x86_64-debian-gcc | 1.2-18 | 2.59 | 16.12 | 18.71 | NOTE | |
| r-devel-linux-x86_64-fedora-clang | 1.2-18 | 11.00 | 23.44 | 34.44 | NOTE | |
| r-devel-linux-x86_64-fedora-gcc | 1.2-18 | 32.11 | NOTE | |||
| r-devel-windows-x86_64 | 1.2-18 | 6.00 | 36.00 | 42.00 | NOTE | |
| r-patched-linux-x86_64 | 1.2-18 | 3.08 | 18.28 | 21.36 | NOTE | |
| r-release-linux-x86_64 | 1.2-18 | 3.03 | 18.41 | 21.44 | NOTE | |
| r-release-macos-arm64 | 1.2-18 | 3.00 | 14.00 | 17.00 | NOTE | |
| r-release-macos-x86_64 | 1.2-18 | 5.00 | 22.00 | 27.00 | NOTE | |
| r-release-windows-x86_64 | 1.2-18 | 5.00 | 41.00 | 46.00 | NOTE | |
| r-oldrel-macos-arm64 | 1.2-18 | 2.00 | 13.00 | 15.00 | OK | |
| r-oldrel-macos-x86_64 | 1.2-18 | 4.00 | 19.00 | 23.00 | OK | |
| r-oldrel-windows-x86_64 | 1.2-18 | 6.00 | 38.00 | 44.00 | OK | 
Version: 1.2-18
Check: CRAN incoming feasibility
Result: NOTE
  Maintainer: ‘Theo Verhelst <theo.verhelst@ulb.be>’
  
  No Authors@R field in DESCRIPTION.
  Please add one, modifying
    Authors@R: c(person(given = "Mauro",
                        family = "Birattari",
                        role = "aut",
                        email = "mauro.birattari@ulb.be"),
                 person(given = "Gianluca",
                        family = "Bontempi",
                        role = "aut",
                        email = "gianluca.bontempi@ulb.be"),
                 person(given = "Theo",
                        family = "Verhelst",
                        role = "cre",
                        email = "theo.verhelst@ulb.be"))
  as necessary.
Flavors: r-devel-linux-x86_64-debian-clang, r-devel-linux-x86_64-debian-gcc
Version: 1.2-18
Check: compiled code
Result: NOTE
  File ‘lazy/libs/lazy.so’:
    Found non-API call to R: ‘STRING_PTR’
  
  Compiled code should not call non-API entry points in R.
  
  See ‘Writing portable packages’ in the ‘Writing R Extensions’ manual,
  and section ‘Moving into C API compliance’ for issues with the use of
  non-API entry points.
Flavors: r-devel-linux-x86_64-debian-clang, r-devel-linux-x86_64-debian-gcc, r-devel-linux-x86_64-fedora-clang, r-devel-linux-x86_64-fedora-gcc, r-patched-linux-x86_64, r-release-linux-x86_64, r-release-macos-arm64, r-release-macos-x86_64
Version: 1.2-18
Check: compiled code
Result: NOTE
  File 'lazy/libs/x64/lazy.dll':
    Found non-API call to R: 'STRING_PTR'
  
  Compiled code should not call non-API entry points in R.
  
  See 'Writing portable packages' in the 'Writing R Extensions' manual,
  and section 'Moving into C API compliance' for issues with the use of
  non-API entry points.
Flavors: r-devel-windows-x86_64, r-release-windows-x86_64