Last updated on 2024-05-11 15:49:09 CEST.
Flavor | Version | Tinstall | Tcheck | Ttotal | Status | Flags |
---|---|---|---|---|---|---|
r-devel-linux-x86_64-debian-clang | 0.2.0 | 4.20 | 97.46 | 101.66 | OK | |
r-devel-linux-x86_64-debian-gcc | 0.2.0 | 3.05 | 72.16 | 75.21 | OK | |
r-devel-linux-x86_64-fedora-clang | 0.2.0 | 132.08 | OK | |||
r-devel-linux-x86_64-fedora-gcc | 0.2.0 | 192.87 | OK | |||
r-devel-windows-x86_64 | 0.2.0 | 4.00 | 92.00 | 96.00 | OK | |
r-patched-linux-x86_64 | 0.2.0 | 4.58 | 67.95 | 72.53 | NOTE | |
r-release-linux-x86_64 | 0.2.0 | 3.56 | 67.51 | 71.07 | NOTE | |
r-release-macos-arm64 | 0.2.0 | 44.00 | OK | |||
r-release-windows-x86_64 | 0.2.0 | 5.00 | 92.00 | 97.00 | OK | |
r-oldrel-macos-arm64 | 0.2.0 | 60.00 | OK | |||
r-oldrel-macos-x86_64 | 0.2.0 | 157.00 | OK | |||
r-oldrel-windows-x86_64 | 0.2.0 | 5.00 | 111.00 | 116.00 | OK |
Version: 0.2.0
Check: package dependencies
Result: NOTE
Package suggested but not available for checking: ‘tidySEM’
Flavors: r-patched-linux-x86_64, r-release-linux-x86_64