Last updated on 2024-05-13 09:50:48 CEST.
Flavor | Version | Tinstall | Tcheck | Ttotal | Status | Flags |
---|---|---|---|---|---|---|
r-devel-linux-x86_64-debian-clang | 1.6.0 | 24.95 | 443.75 | 468.70 | NOTE | |
r-devel-linux-x86_64-debian-gcc | 1.6.0 | 19.35 | 342.39 | 361.74 | NOTE | |
r-devel-linux-x86_64-fedora-clang | 1.6.0 | 660.82 | NOTE | |||
r-devel-linux-x86_64-fedora-gcc | 1.6.0 | 615.95 | NOTE | |||
r-devel-windows-x86_64 | 1.6.0 | 23.00 | 320.00 | 343.00 | NOTE | |
r-patched-linux-x86_64 | 1.6.0 | 38.16 | 458.21 | 496.37 | NOTE | |
r-release-linux-x86_64 | 1.6.0 | 21.62 | 455.11 | 476.73 | NOTE | |
r-release-macos-arm64 | 1.6.0 | 229.00 | NOTE | |||
r-release-macos-x86_64 | 1.6.0 | 383.00 | NOTE | |||
r-release-windows-x86_64 | 1.6.0 | 24.00 | 320.00 | 344.00 | NOTE | |
r-oldrel-macos-arm64 | 1.6.0 | 148.00 | NOTE | |||
r-oldrel-macos-x86_64 | 1.6.0 | 317.00 | NOTE | |||
r-oldrel-windows-x86_64 | 1.6.0 | 29.00 | 417.00 | 446.00 | OK |
Version: 1.6.0
Check: HTML version of manual
Result: NOTE
Found the following HTML validation problems:
plotClusterTrajectories.html:75:1 (plotClusterTrajectories.Rd:43): Warning: trimming empty <dt>
plotFittedTrajectories.html:50:1 (plotFittedTrajectories.Rd:18): Warning: trimming empty <dt>
plotTrajectories.html:64:1 (plotTrajectories.Rd:32): Warning: trimming empty <dt>
predictPostprob.html:56:1 (predictPostprob.Rd:20): Warning: trimming empty <dt>
Flavors: r-devel-linux-x86_64-debian-clang, r-devel-linux-x86_64-debian-gcc, r-devel-linux-x86_64-fedora-clang, r-devel-linux-x86_64-fedora-gcc, r-devel-windows-x86_64, r-patched-linux-x86_64, r-release-linux-x86_64, r-release-windows-x86_64
Version: 1.6.0
Check: package dependencies
Result: NOTE
Package suggested but not available for checking: ‘mixAK’
Flavors: r-release-macos-arm64, r-release-macos-x86_64, r-oldrel-macos-arm64, r-oldrel-macos-x86_64
Version: 1.6.0
Check: Rd cross-references
Result: NOTE
Package unavailable to check Rd xrefs: ‘mixAK’
Flavors: r-release-macos-arm64, r-release-macos-x86_64, r-oldrel-macos-arm64, r-oldrel-macos-x86_64