Last updated on 2024-05-13 08:50:14 CEST.
Flavor | Version | Tinstall | Tcheck | Ttotal | Status | Flags |
---|---|---|---|---|---|---|
r-devel-linux-x86_64-debian-clang | 1.1.2 | 10.19 | 104.44 | 114.63 | NOTE | |
r-devel-linux-x86_64-debian-gcc | 1.1.2 | 7.17 | 76.04 | 83.21 | NOTE | |
r-devel-linux-x86_64-fedora-clang | 1.1.2 | 140.66 | NOTE | |||
r-devel-linux-x86_64-fedora-gcc | 1.1.2 | 191.68 | NOTE | |||
r-devel-windows-x86_64 | 1.1.2 | 10.00 | 99.00 | 109.00 | NOTE | |
r-patched-linux-x86_64 | 1.1.2 | 11.84 | 99.91 | 111.75 | NOTE | |
r-release-linux-x86_64 | 1.1.2 | 11.02 | 97.89 | 108.91 | NOTE | |
r-release-macos-arm64 | 1.1.2 | 42.00 | NOTE | |||
r-release-windows-x86_64 | 1.1.2 | 10.00 | 98.00 | 108.00 | NOTE | |
r-oldrel-macos-arm64 | 1.1.2 | 47.00 | OK | |||
r-oldrel-macos-x86_64 | 1.1.2 | 120.00 | OK | |||
r-oldrel-windows-x86_64 | 1.1.2 | 13.00 | 116.00 | 129.00 | OK |
Version: 1.1.2
Check: Rd files
Result: NOTE
checkRd: (-1) DOS.Rd:34: Lost braces; missing escapes or markup?
34 | Band-specific sensor $G_{rescale}$ (gain). Require either gain and offset or Grescale and Brescale to convert DN to radiance.
| ^
checkRd: (-1) DOS.Rd:37: Lost braces; missing escapes or markup?
37 | Band-specific sensor $B_{rescale}$ (bias). Require either gain and offset or Grescale and Brescale to convert DN to radiance.
| ^
Flavors: r-devel-linux-x86_64-debian-clang, r-devel-linux-x86_64-debian-gcc, r-devel-linux-x86_64-fedora-clang, r-devel-linux-x86_64-fedora-gcc, r-devel-windows-x86_64, r-patched-linux-x86_64, r-release-linux-x86_64, r-release-macos-arm64, r-release-windows-x86_64