Last updated on 2024-05-06 04:54:00 CEST.
Flavor | Version | Tinstall | Tcheck | Ttotal | Status | Flags |
---|---|---|---|---|---|---|
r-devel-linux-x86_64-debian-clang | 1.0.0 | 4.06 | 34.67 | 38.73 | NOTE | |
r-devel-linux-x86_64-debian-gcc | 1.0.0 | 3.15 | 26.18 | 29.33 | NOTE | |
r-devel-linux-x86_64-fedora-clang | 1.0.0 | 48.81 | NOTE | |||
r-devel-linux-x86_64-fedora-gcc | 1.0.0 | 45.12 | NOTE | |||
r-devel-windows-x86_64 | 1.0.0 | 5.00 | 47.00 | 52.00 | NOTE | |
r-patched-linux-x86_64 | 1.0.0 | 3.55 | 33.06 | 36.61 | NOTE | |
r-release-linux-x86_64 | 1.0.0 | 3.95 | 32.29 | 36.24 | NOTE | |
r-release-macos-arm64 | 1.0.0 | 20.00 | NOTE | |||
r-release-windows-x86_64 | 1.0.0 | 5.00 | 47.00 | 52.00 | NOTE | |
r-oldrel-macos-arm64 | 1.0.0 | 19.00 | NOTE | |||
r-oldrel-macos-x86_64 | 1.0.0 | 28.00 | NOTE | |||
r-oldrel-windows-x86_64 | 1.0.0 | 5.00 | 48.00 | 53.00 | NOTE |
Version: 1.0.0
Check: LazyData
Result: NOTE
'LazyData' is specified without a 'data' directory
Flavors: r-devel-linux-x86_64-debian-clang, r-devel-linux-x86_64-debian-gcc, r-devel-linux-x86_64-fedora-clang, r-devel-linux-x86_64-fedora-gcc, r-devel-windows-x86_64, r-patched-linux-x86_64, r-release-linux-x86_64, r-release-macos-arm64, r-release-windows-x86_64, r-oldrel-macos-arm64, r-oldrel-macos-x86_64, r-oldrel-windows-x86_64