Last updated on 2024-05-11 15:49:09 CEST.
Flavor | Version | Tinstall | Tcheck | Ttotal | Status | Flags |
---|---|---|---|---|---|---|
r-devel-linux-x86_64-debian-clang | 0.2.0 | 52.94 | 801.77 | 854.71 | OK | |
r-devel-linux-x86_64-debian-gcc | 0.2.0 | 38.43 | 582.91 | 621.34 | OK | |
r-devel-linux-x86_64-fedora-clang | 0.2.0 | 1018.99 | NOTE | |||
r-devel-linux-x86_64-fedora-gcc | 0.2.0 | 1066.07 | OK | |||
r-devel-windows-x86_64 | 0.2.0 | 47.00 | 681.00 | 728.00 | NOTE | |
r-patched-linux-x86_64 | 0.2.0 | 199.32 | 770.10 | 969.42 | OK | |
r-release-linux-x86_64 | 0.2.0 | 41.75 | 750.67 | 792.42 | OK | |
r-release-macos-arm64 | 0.2.0 | 232.00 | NOTE | |||
r-release-macos-x86_64 | 0.2.0 | 678.00 | NOTE | |||
r-release-windows-x86_64 | 0.2.0 | 46.00 | 682.00 | 728.00 | NOTE | |
r-oldrel-macos-arm64 | 0.2.0 | 242.00 | NOTE | |||
r-oldrel-macos-x86_64 | 0.2.0 | 475.00 | NOTE | |||
r-oldrel-windows-x86_64 | 0.2.0 | 62.00 | 856.00 | 918.00 | NOTE |
Version: 0.2.0
Check: installed package size
Result: NOTE
installed size is 11.6Mb
sub-directories of 1Mb or more:
doc 3.2Mb
help 7.6Mb
Flavors: r-devel-linux-x86_64-fedora-clang, r-devel-windows-x86_64, r-release-macos-arm64, r-release-macos-x86_64, r-release-windows-x86_64, r-oldrel-macos-arm64, r-oldrel-macos-x86_64, r-oldrel-windows-x86_64