Last updated on 2024-05-13 09:50:48 CEST.
Flavor | Version | Tinstall | Tcheck | Ttotal | Status | Flags |
---|---|---|---|---|---|---|
r-devel-linux-x86_64-debian-clang | 0.8.4 | 75.66 | 54.68 | 130.34 | NOTE | |
r-devel-linux-x86_64-debian-gcc | 0.8.4 | 62.25 | 40.23 | 102.48 | NOTE | |
r-devel-linux-x86_64-fedora-clang | 0.8.4 | 195.06 | NOTE | |||
r-devel-linux-x86_64-fedora-gcc | 0.8.4 | 252.72 | NOTE | |||
r-devel-windows-x86_64 | 0.8.4 | 64.00 | 93.00 | 157.00 | NOTE | |
r-patched-linux-x86_64 | 0.8.4 | 84.48 | 52.34 | 136.82 | NOTE | |
r-release-linux-x86_64 | 0.8.4 | 76.94 | 51.48 | 128.42 | NOTE | |
r-release-macos-arm64 | 0.8.4 | 48.00 | NOTE | |||
r-release-windows-x86_64 | 0.8.4 | 62.00 | 91.00 | 153.00 | NOTE | |
r-oldrel-macos-arm64 | 0.8.4 | 54.00 | NOTE | |||
r-oldrel-macos-x86_64 | 0.8.4 | 81.00 | NOTE | |||
r-oldrel-windows-x86_64 | 0.8.4 | 78.00 | 101.00 | 179.00 | NOTE |
Version: 0.8.4
Check: C++ specification
Result: NOTE
Specified C++11: please drop specification unless essential
Flavors: r-devel-linux-x86_64-debian-clang, r-devel-linux-x86_64-debian-gcc, r-devel-linux-x86_64-fedora-clang, r-devel-linux-x86_64-fedora-gcc, r-devel-windows-x86_64, r-patched-linux-x86_64, r-release-linux-x86_64, r-release-macos-arm64, r-release-windows-x86_64, r-oldrel-macos-arm64, r-oldrel-macos-x86_64, r-oldrel-windows-x86_64