Last updated on 2024-05-13 09:50:48 CEST.
Flavor | Version | Tinstall | Tcheck | Ttotal | Status | Flags |
---|---|---|---|---|---|---|
r-devel-linux-x86_64-debian-clang | 0.3.1 | 11.50 | 71.75 | 83.25 | OK | |
r-devel-linux-x86_64-debian-gcc | 0.3.1 | 8.76 | 55.93 | 64.69 | OK | |
r-devel-linux-x86_64-fedora-clang | 0.3.1 | 104.23 | NOTE | |||
r-devel-linux-x86_64-fedora-gcc | 0.3.1 | 150.73 | NOTE | |||
r-devel-windows-x86_64 | 0.3.1 | 11.00 | 71.00 | 82.00 | OK | |
r-patched-linux-x86_64 | 0.3.1 | 7.46 | 71.07 | 78.53 | OK | |
r-release-linux-x86_64 | 0.3.1 | 6.78 | 70.13 | 76.91 | OK | |
r-release-macos-arm64 | 0.3.1 | 36.00 | OK | |||
r-release-windows-x86_64 | 0.3.1 | 11.00 | 73.00 | 84.00 | OK | |
r-oldrel-macos-arm64 | 0.3.1 | 35.00 | OK | |||
r-oldrel-macos-x86_64 | 0.3.1 | 56.00 | OK | |||
r-oldrel-windows-x86_64 | 0.3.1 | 14.00 | 82.00 | 96.00 | OK |
Version: 0.3.1
Check: data for non-ASCII characters
Result: NOTE
Note: found 925830 marked UTF-8 strings
Flavors: r-devel-linux-x86_64-fedora-clang, r-devel-linux-x86_64-fedora-gcc