Last updated on 2025-05-24 02:51:32 CEST.
Flavor | Version | Tinstall | Tcheck | Ttotal | Status | Flags |
---|---|---|---|---|---|---|
r-devel-linux-x86_64-debian-clang | 1.0.0 | 2.80 | 59.51 | 62.31 | OK | |
r-devel-linux-x86_64-debian-gcc | 1.0.0 | 1.81 | 43.20 | 45.01 | OK | |
r-devel-linux-x86_64-fedora-clang | 1.0.0 | 96.58 | OK | |||
r-devel-linux-x86_64-fedora-gcc | 1.0.0 | 110.40 | OK | |||
r-devel-windows-x86_64 | 1.0.0 | 6.00 | 76.00 | 82.00 | OK | |
r-patched-linux-x86_64 | 1.0.0 | 2.68 | 54.81 | 57.49 | OK | |
r-release-linux-x86_64 | 1.0.0 | 2.60 | 55.22 | 57.82 | OK | |
r-release-macos-arm64 | 1.0.0 | 61.00 | OK | |||
r-release-macos-x86_64 | 1.0.0 | 95.00 | OK | |||
r-release-windows-x86_64 | 1.0.0 | 4.00 | 108.00 | 112.00 | OK | |
r-oldrel-macos-arm64 | 1.0.0 | 48.00 | NOTE | |||
r-oldrel-macos-x86_64 | 1.0.0 | 80.00 | NOTE | |||
r-oldrel-windows-x86_64 | 1.0.0 | 5.00 | 95.00 | 100.00 | NOTE |
Version: 1.0.0
Check: package dependencies
Result: NOTE
Package suggested but not available for checking: ‘remMap’
Flavors: r-oldrel-macos-arm64, r-oldrel-macos-x86_64, r-oldrel-windows-x86_64