Last updated on 2024-05-11 08:48:37 CEST.
Flavor | Version | Tinstall | Tcheck | Ttotal | Status | Flags |
---|---|---|---|---|---|---|
r-devel-linux-x86_64-debian-clang | 1.0.1 | 6.06 | 64.64 | 70.70 | NOTE | |
r-devel-linux-x86_64-debian-gcc | 1.0.1 | 5.99 | 47.61 | 53.60 | NOTE | |
r-devel-linux-x86_64-fedora-clang | 1.0.1 | 90.61 | NOTE | |||
r-devel-linux-x86_64-fedora-gcc | 1.0.1 | 127.48 | NOTE | |||
r-devel-windows-x86_64 | 1.0.1 | 5.00 | 69.00 | 74.00 | NOTE | |
r-patched-linux-x86_64 | 1.0.1 | 6.47 | 63.00 | 69.47 | NOTE | |
r-release-linux-x86_64 | 1.0.1 | 8.33 | 62.53 | 70.86 | NOTE | |
r-release-macos-arm64 | 1.0.1 | 27.00 | NOTE | |||
r-release-windows-x86_64 | 1.0.1 | 7.00 | 67.00 | 74.00 | NOTE | |
r-oldrel-macos-arm64 | 1.0.1 | 28.00 | OK | |||
r-oldrel-macos-x86_64 | 1.0.1 | 47.00 | OK | |||
r-oldrel-windows-x86_64 | 1.0.1 | 7.00 | 76.00 | 83.00 | OK |
Version: 1.0.1
Check: Rd files
Result: NOTE
checkRd: (-1) jmdem.control.Rd:42: Lost braces; missing escapes or markup?
42 | The control argument of \code{jmdem} is by default passed to the control argument of {jmdem.fit}, which uses its elements as arguments to {jmdem.control}: the latter provides defaults and sanity checking.
| ^
checkRd: (-1) jmdem.control.Rd:42: Lost braces; missing escapes or markup?
42 | The control argument of \code{jmdem} is by default passed to the control argument of {jmdem.fit}, which uses its elements as arguments to {jmdem.control}: the latter provides defaults and sanity checking.
| ^
Flavors: r-devel-linux-x86_64-debian-clang, r-devel-linux-x86_64-debian-gcc, r-devel-linux-x86_64-fedora-clang, r-devel-linux-x86_64-fedora-gcc, r-devel-windows-x86_64, r-patched-linux-x86_64, r-release-linux-x86_64, r-release-macos-arm64, r-release-windows-x86_64