CRAN Package Check Results for Package iucnr

Last updated on 2025-07-04 02:51:51 CEST.

Flavor Version Tinstall Tcheck Ttotal Status Flags
r-devel-linux-x86_64-debian-clang 0.0.0.1 2.02 20.62 22.64 NOTE
r-devel-linux-x86_64-debian-gcc 0.0.0.1 1.59 17.49 19.08 NOTE
r-devel-linux-x86_64-fedora-clang 0.0.0.1 34.92 NOTE
r-devel-linux-x86_64-fedora-gcc 0.0.0.1 32.95 NOTE
r-devel-windows-x86_64 0.0.0.1 3.00 41.00 44.00 NOTE
r-patched-linux-x86_64 0.0.0.1 1.98 18.61 20.59 NOTE
r-release-linux-x86_64 0.0.0.1 1.77 18.40 20.17 NOTE
r-release-macos-arm64 0.0.0.1 20.00 NOTE
r-release-macos-x86_64 0.0.0.1 24.00 NOTE
r-release-windows-x86_64 0.0.0.1 4.00 42.00 46.00 NOTE
r-oldrel-macos-arm64 0.0.0.1 19.00 NOTE
r-oldrel-macos-x86_64 0.0.0.1 24.00 NOTE
r-oldrel-windows-x86_64 0.0.0.1 4.00 47.00 51.00 NOTE

Check Details

Version: 0.0.0.1
Check: DESCRIPTION meta-information
Result: NOTE Missing dependency on R >= 4.1.0 because package code uses the pipe |> or function shorthand \(...) syntax added in R 4.1.0. File(s) using such syntax: ‘get_conservation_status.R’ ‘get_vernacularname.R’ Flavors: r-devel-linux-x86_64-debian-clang, r-devel-linux-x86_64-debian-gcc, r-devel-linux-x86_64-fedora-clang, r-devel-linux-x86_64-fedora-gcc, r-devel-windows-x86_64, r-patched-linux-x86_64, r-release-linux-x86_64, r-release-macos-arm64, r-release-macos-x86_64, r-release-windows-x86_64

Version: 0.0.0.1
Check: package dependencies
Result: NOTE Package suggested but not available for checking: ‘iucnrdata’ Flavors: r-oldrel-macos-arm64, r-oldrel-macos-x86_64, r-oldrel-windows-x86_64