Last updated on 2025-10-31 15:48:42 CET.
| Flavor | Version | Tinstall | Tcheck | Ttotal | Status | Flags | 
|---|---|---|---|---|---|---|
| r-devel-linux-x86_64-debian-clang | 1.0 | 23.83 | 184.84 | 208.67 | NOTE | |
| r-devel-linux-x86_64-debian-gcc | 1.0 | 13.81 | 112.51 | 126.32 | NOTE | |
| r-devel-linux-x86_64-fedora-clang | 1.0 | 114.00 | 209.61 | 323.61 | OK | |
| r-devel-linux-x86_64-fedora-gcc | 1.0 | 50.00 | 247.34 | 297.34 | OK | |
| r-devel-windows-x86_64 | 1.0 | 18.00 | 154.00 | 172.00 | OK | |
| r-patched-linux-x86_64 | 1.0 | 23.41 | 175.23 | 198.64 | OK | |
| r-release-linux-x86_64 | 1.0 | 21.00 | 174.94 | 195.94 | OK | |
| r-release-macos-arm64 | 1.0 | 7.00 | 48.00 | 55.00 | OK | |
| r-release-macos-x86_64 | 1.0 | 17.00 | 112.00 | 129.00 | OK | |
| r-release-windows-x86_64 | 1.0 | 18.00 | 149.00 | 167.00 | OK | |
| r-oldrel-macos-arm64 | 1.0 | 6.00 | 50.00 | 56.00 | OK | |
| r-oldrel-macos-x86_64 | 1.0 | 13.00 | 88.00 | 101.00 | OK | |
| r-oldrel-windows-x86_64 | 1.0 | 29.00 | 203.00 | 232.00 | OK | 
Version: 1.0
Check: CRAN incoming feasibility
Result: NOTE
  Maintainer: ‘Michele Dalponte <michele.dalponte@fmach.it>’
  
  No Authors@R field in DESCRIPTION.
  Please add one, modifying
    Authors@R: person(given = "Michele",
                      family = "Dalponte",
                      role = c("aut", "cre"),
                      email = "michele.dalponte@fmach.it")
  as necessary.
Flavors: r-devel-linux-x86_64-debian-clang, r-devel-linux-x86_64-debian-gcc