Last updated on 2024-05-11 15:49:08 CEST.
Flavor | Version | Tinstall | Tcheck | Ttotal | Status | Flags |
---|---|---|---|---|---|---|
r-devel-linux-x86_64-debian-clang | 1.0.2 | 7.67 | 167.69 | 175.36 | NOTE | |
r-devel-linux-x86_64-debian-gcc | 1.0.2 | 3.21 | 123.38 | 126.59 | NOTE | |
r-devel-linux-x86_64-fedora-clang | 1.0.2 | 215.65 | NOTE | |||
r-devel-linux-x86_64-fedora-gcc | 1.0.2 | 241.98 | NOTE | |||
r-devel-windows-x86_64 | 1.0.2 | 7.00 | 125.00 | 132.00 | NOTE | |
r-patched-linux-x86_64 | 1.0.2 | 4.16 | 162.42 | 166.58 | NOTE | |
r-release-linux-x86_64 | 1.0.2 | 3.97 | 163.15 | 167.12 | NOTE | |
r-release-macos-arm64 | 1.0.2 | 65.00 | NOTE | |||
r-release-windows-x86_64 | 1.0.2 | 7.00 | 122.00 | 129.00 | NOTE | |
r-oldrel-macos-arm64 | 1.0.2 | 79.00 | NOTE | |||
r-oldrel-macos-x86_64 | 1.0.2 | 121.00 | NOTE | |||
r-oldrel-windows-x86_64 | 1.0.2 | 10.00 | 157.00 | 167.00 | NOTE |
Version: 1.0.2
Check: LazyData
Result: NOTE
'LazyData' is specified without a 'data' directory
Flavors: r-devel-linux-x86_64-debian-clang, r-devel-linux-x86_64-debian-gcc, r-devel-linux-x86_64-fedora-clang, r-devel-linux-x86_64-fedora-gcc, r-devel-windows-x86_64, r-patched-linux-x86_64, r-release-linux-x86_64, r-release-macos-arm64, r-release-windows-x86_64, r-oldrel-macos-arm64, r-oldrel-macos-x86_64, r-oldrel-windows-x86_64