Last updated on 2025-05-23 10:49:21 CEST.
Flavor | Version | Tinstall | Tcheck | Ttotal | Status | Flags |
---|---|---|---|---|---|---|
r-devel-linux-x86_64-debian-clang | 2.0-0 | 35.56 | 363.25 | 398.81 | NOTE | |
r-devel-linux-x86_64-debian-gcc | 2.0-0 | 23.78 | 242.75 | 266.53 | NOTE | |
r-devel-linux-x86_64-fedora-clang | 2.0-0 | 4.76 | ERROR | |||
r-devel-linux-x86_64-fedora-gcc | 2.0-0 | 615.46 | OK | |||
r-devel-windows-x86_64 | 2.0-0 | 33.00 | 285.00 | 318.00 | OK | |
r-patched-linux-x86_64 | 2.0-0 | 32.90 | 342.60 | 375.50 | OK | |
r-release-linux-x86_64 | 2.0-0 | 32.81 | 347.57 | 380.38 | OK | |
r-release-macos-arm64 | 2.0-0 | 173.00 | OK | |||
r-release-macos-x86_64 | 2.0-0 | 357.00 | OK | |||
r-release-windows-x86_64 | 2.0-0 | 31.00 | 288.00 | 319.00 | OK | |
r-oldrel-macos-arm64 | 2.0-0 | 145.00 | OK | |||
r-oldrel-macos-x86_64 | 2.0-0 | 234.00 | OK | |||
r-oldrel-windows-x86_64 | 2.0-0 | 44.00 | 387.00 | 431.00 | OK |
Version: 2.0-0
Check: CRAN incoming feasibility
Result: NOTE
Maintainer: ‘Jemma Stachelek <jemma.stachelek@gmail.com>’
Package CITATION file contains call(s) to old-style personList() or
as.personList(). Please use c() on person objects instead.
Package CITATION file contains call(s) to old-style citEntry(). Please
use bibentry() instead.
Flavors: r-devel-linux-x86_64-debian-clang, r-devel-linux-x86_64-debian-gcc
Version: 2.0-0
Check: whether package can be installed
Result: ERROR
Installation failed.
Flavor: r-devel-linux-x86_64-fedora-clang