Last updated on 2025-07-04 12:49:03 CEST.
Flavor | Version | Tinstall | Tcheck | Ttotal | Status | Flags |
---|---|---|---|---|---|---|
r-devel-linux-x86_64-debian-clang | 0.1.5 | 19.44 | 428.84 | 448.28 | NOTE | |
r-devel-linux-x86_64-debian-gcc | 0.1.5 | 13.90 | 262.40 | 276.30 | NOTE | |
r-devel-linux-x86_64-fedora-clang | 0.1.5 | 689.94 | OK | |||
r-devel-linux-x86_64-fedora-gcc | 0.1.5 | 652.69 | OK | |||
r-devel-windows-x86_64 | 0.1.5 | 25.00 | 403.00 | 428.00 | NOTE | |
r-patched-linux-x86_64 | 0.1.5 | 20.57 | 417.11 | 437.68 | NOTE | |
r-release-linux-x86_64 | 0.1.5 | 20.06 | 432.03 | 452.09 | NOTE | |
r-release-macos-arm64 | 0.1.5 | 227.00 | OK | |||
r-release-macos-x86_64 | 0.1.5 | 446.00 | OK | |||
r-release-windows-x86_64 | 0.1.5 | 25.00 | 388.00 | 413.00 | NOTE | |
r-oldrel-macos-arm64 | 0.1.5 | 215.00 | OK | |||
r-oldrel-macos-x86_64 | 0.1.5 | 478.00 | OK | |||
r-oldrel-windows-x86_64 | 0.1.5 | 28.00 | 502.00 | 530.00 | OK |
Version: 0.1.5
Check: Rd cross-references
Result: NOTE
Found the following Rd file(s) with Rd \link{} targets missing package
anchors:
plot_iota.Rd: ggplot2
plot_iota2_alluvial.Rd: ggplot2
Please provide package anchors for all Rd \link{} targets not in the
package itself and the base packages.
Flavors: r-devel-linux-x86_64-debian-clang, r-devel-linux-x86_64-debian-gcc, r-devel-windows-x86_64, r-patched-linux-x86_64, r-release-linux-x86_64, r-release-windows-x86_64