Last updated on 2025-05-24 16:55:35 CEST.
Flavor | Version | Tinstall | Tcheck | Ttotal | Status | Flags |
---|---|---|---|---|---|---|
r-devel-linux-x86_64-debian-clang | 2.2.2 | 2.72 | 24.79 | 27.51 | NOTE | |
r-devel-linux-x86_64-debian-gcc | 2.2.2 | 1.91 | 18.97 | 20.88 | NOTE | |
r-devel-linux-x86_64-fedora-clang | 2.2.2 | 44.98 | OK | |||
r-devel-linux-x86_64-fedora-gcc | 2.2.2 | 40.74 | OK | |||
r-devel-windows-x86_64 | 2.2.2 | 5.00 | 85.00 | 90.00 | OK | |
r-patched-linux-x86_64 | 2.2.2 | 2.83 | 23.37 | 26.20 | OK | |
r-release-linux-x86_64 | 2.2.2 | 2.30 | 23.24 | 25.54 | OK | |
r-release-macos-arm64 | 2.2.2 | 22.00 | OK | |||
r-release-macos-x86_64 | 2.2.2 | 32.00 | OK | |||
r-release-windows-x86_64 | 2.2.2 | 5.00 | 73.00 | 78.00 | OK | |
r-oldrel-macos-arm64 | 2.2.2 | 17.00 | OK | |||
r-oldrel-macos-x86_64 | 2.2.2 | 25.00 | OK | |||
r-oldrel-windows-x86_64 | 2.2.2 | 5.00 | 50.00 | 55.00 | OK |
Version: 2.2.2
Check: CRAN incoming feasibility
Result: NOTE
Maintainer: ‘Jan Budczies <jan.budczies@med.uni-heidelberg.de>’
No Authors@R field in DESCRIPTION.
Please add one, modifying
Authors@R: c(person(given = "Jan",
family = "Budczies",
role = c("aut", "cre"),
email = "jan.budczies@med.uni-heidelberg.de"),
person(given = "Eva",
family = "Romanovsky",
role = "aut"))
as necessary.
Flavors: r-devel-linux-x86_64-debian-clang, r-devel-linux-x86_64-debian-gcc