Last updated on 2024-05-11 08:48:37 CEST.
Flavor | Version | Tinstall | Tcheck | Ttotal | Status | Flags |
---|---|---|---|---|---|---|
r-devel-linux-x86_64-debian-clang | 0.8.0 | 32.35 | 145.40 | 177.75 | NOTE | |
r-devel-linux-x86_64-debian-gcc | 0.8.0 | 23.11 | 125.05 | 148.16 | NOTE | |
r-devel-linux-x86_64-fedora-clang | 0.8.0 | 247.39 | NOTE | |||
r-devel-linux-x86_64-fedora-gcc | 0.8.0 | 299.20 | NOTE | |||
r-devel-windows-x86_64 | 0.8.0 | 25.00 | 137.00 | 162.00 | NOTE | |
r-patched-linux-x86_64 | 0.8.0 | 30.61 | 160.63 | 191.24 | NOTE | |
r-release-linux-x86_64 | 0.8.0 | 25.35 | 164.19 | 189.54 | NOTE | |
r-release-macos-arm64 | 0.8.0 | 61.00 | NOTE | |||
r-release-windows-x86_64 | 0.8.0 | 25.00 | 132.00 | 157.00 | NOTE | |
r-oldrel-macos-arm64 | 0.8.0 | 67.00 | NOTE | |||
r-oldrel-macos-x86_64 | 0.8.0 | 119.00 | NOTE | |||
r-oldrel-windows-x86_64 | 0.8.0 | 26.00 | 168.00 | 194.00 | NOTE |
Version: 0.8.0
Check: LazyData
Result: NOTE
'LazyData' is specified without a 'data' directory
Flavors: r-devel-linux-x86_64-debian-clang, r-devel-linux-x86_64-debian-gcc, r-devel-linux-x86_64-fedora-clang, r-devel-linux-x86_64-fedora-gcc, r-devel-windows-x86_64, r-patched-linux-x86_64, r-release-linux-x86_64, r-release-macos-arm64, r-release-windows-x86_64, r-oldrel-macos-arm64, r-oldrel-macos-x86_64, r-oldrel-windows-x86_64