Last updated on 2025-10-31 18:51:07 CET.
| Flavor | Version | Tinstall | Tcheck | Ttotal | Status | Flags | 
|---|---|---|---|---|---|---|
| r-devel-linux-x86_64-debian-clang | 1.1-1.0 | 8.75 | 82.60 | 91.35 | NOTE | |
| r-devel-linux-x86_64-debian-gcc | 1.1-1.0 | 5.95 | 61.46 | 67.41 | NOTE | |
| r-devel-linux-x86_64-fedora-clang | 1.1-1.0 | 21.00 | 118.15 | 139.15 | NOTE | |
| r-devel-linux-x86_64-fedora-gcc | 1.1-1.0 | 36.00 | 121.46 | 157.46 | NOTE | |
| r-devel-windows-x86_64 | 1.1-1.0 | 9.00 | 106.00 | 115.00 | NOTE | |
| r-patched-linux-x86_64 | 1.1-1.0 | 8.54 | 78.42 | 86.96 | NOTE | |
| r-release-linux-x86_64 | 1.1-1.0 | 7.78 | 78.31 | 86.09 | NOTE | |
| r-release-macos-arm64 | 1.1-1.0 | 4.00 | 47.00 | 51.00 | NOTE | |
| r-release-macos-x86_64 | 1.1-1.0 | 12.00 | 102.00 | 114.00 | NOTE | |
| r-release-windows-x86_64 | 1.1-1.0 | 9.00 | 111.00 | 120.00 | NOTE | |
| r-oldrel-macos-arm64 | 1.1-1.0 | 4.00 | 40.00 | 44.00 | NOTE | |
| r-oldrel-macos-x86_64 | 1.1-1.0 | 6.00 | 64.00 | 70.00 | NOTE | |
| r-oldrel-windows-x86_64 | 1.1-1.0 | 13.00 | 125.00 | 138.00 | NOTE | 
Version: 1.1-1.0
Check: CRAN incoming feasibility
Result: NOTE
  Maintainer: ‘Michael P. Fay <mfay@niaid.nih.gov>’
  
  No Authors@R field in DESCRIPTION.
  Please add one, modifying
    Authors@R: person(given = c("Michael", "P."),
                      family = "Fay",
                      role = c("aut", "cre"),
                      email = "mfay@niaid.nih.gov")
  as necessary.
Flavors: r-devel-linux-x86_64-debian-clang, r-devel-linux-x86_64-debian-gcc
Version: 1.1-1.0
Check: Rd files
Result: NOTE
  checkRd: (-1) interval-internal.Rd:40: Lost braces
      40 | \item{dqfunc}{function, density of the results of the quantile function, e.g., function(x){dnorm(qnorm(x))} (used for 'general' scores, 
         |                                                                                           ^
Flavors: r-devel-linux-x86_64-debian-clang, r-devel-linux-x86_64-debian-gcc, r-devel-linux-x86_64-fedora-clang, r-devel-linux-x86_64-fedora-gcc, r-devel-windows-x86_64, r-patched-linux-x86_64, r-release-linux-x86_64, r-release-macos-arm64, r-release-macos-x86_64, r-release-windows-x86_64, r-oldrel-macos-arm64, r-oldrel-macos-x86_64, r-oldrel-windows-x86_64