Last updated on 2025-05-24 06:51:09 CEST.
Flavor | Version | Tinstall | Tcheck | Ttotal | Status | Flags |
---|---|---|---|---|---|---|
r-devel-linux-x86_64-debian-clang | 0.1.2 | 6.04 | 54.54 | 60.58 | OK | |
r-devel-linux-x86_64-debian-gcc | 0.1.2 | 4.28 | 37.47 | 41.75 | OK | |
r-devel-linux-x86_64-fedora-clang | 0.1.2 | 97.62 | OK | |||
r-devel-linux-x86_64-fedora-gcc | 0.1.2 | 90.17 | OK | |||
r-devel-windows-x86_64 | 0.1.2 | 9.00 | 71.00 | 80.00 | OK | |
r-patched-linux-x86_64 | 0.1.2 | 5.77 | 50.63 | 56.40 | OK | |
r-release-linux-x86_64 | 0.1.2 | 6.43 | 51.24 | 57.67 | OK | |
r-release-macos-arm64 | 0.1.2 | 27.00 | OK | |||
r-release-macos-x86_64 | 0.1.2 | 53.00 | OK | |||
r-release-windows-x86_64 | 0.1.2 | 11.00 | 90.00 | 101.00 | OK | |
r-oldrel-macos-arm64 | 0.1.2 | 29.00 | NOTE | |||
r-oldrel-macos-x86_64 | 0.1.2 | 42.00 | NOTE | |||
r-oldrel-windows-x86_64 | 0.1.2 | 9.00 | 81.00 | 90.00 | NOTE |
Version: 0.1.2
Check: LazyData
Result: NOTE
'LazyData' is specified without a 'data' directory
Flavors: r-oldrel-macos-arm64, r-oldrel-macos-x86_64, r-oldrel-windows-x86_64